Last updated on 2023-02-05 19:51:08 CET.
Flavor | Version | Tinstall | Tcheck | Ttotal | Status | Flags |
---|---|---|---|---|---|---|
r-devel-linux-x86_64-debian-clang | 1.1.0 | 12.30 | 203.78 | 216.08 | OK | |
r-devel-linux-x86_64-debian-gcc | 1.1.0 | 10.25 | 149.10 | 159.35 | OK | |
r-devel-linux-x86_64-fedora-clang | 1.1.0 | 262.43 | NOTE | |||
r-devel-linux-x86_64-fedora-gcc | 1.1.0 | 262.80 | OK | |||
r-devel-windows-x86_64 | 1.1.0 | 65.00 | 261.00 | 326.00 | NOTE | |
r-patched-linux-x86_64 | 1.1.0 | 14.20 | 188.28 | 202.48 | OK | |
r-release-linux-x86_64 | 1.1.0 | 11.95 | 184.97 | 196.92 | OK | |
r-release-macos-arm64 | 1.1.0 | 82.00 | NOTE | |||
r-release-macos-x86_64 | 1.1.0 | 104.00 | NOTE | |||
r-release-windows-x86_64 | 1.1.0 | 64.00 | 264.00 | 328.00 | NOTE | |
r-oldrel-macos-arm64 | 1.1.0 | 80.00 | NOTE | |||
r-oldrel-macos-x86_64 | 1.1.0 | 109.00 | NOTE | |||
r-oldrel-windows-ix86+x86_64 | 1.1.0 | 29.00 | 269.00 | 298.00 | WARN |
Version: 1.1.0
Check: package dependencies
Result: NOTE
Imports includes 32 non-default packages.
Importing from so many packages makes the package vulnerable to any of
them becoming unavailable. Move as many as possible to Suggests and
use conditionally.
Flavor: r-devel-linux-x86_64-fedora-clang
Version: 1.1.0
Check: installed package size
Result: NOTE
installed size is 6.2Mb
sub-directories of 1Mb or more:
doc 2.3Mb
extdata 3.4Mb
Flavors: r-devel-linux-x86_64-fedora-clang, r-devel-windows-x86_64, r-release-macos-arm64, r-release-macos-x86_64, r-release-windows-x86_64, r-oldrel-macos-arm64, r-oldrel-macos-x86_64, r-oldrel-windows-ix86+x86_64
Version: 1.1.0
Check: re-building of vignette outputs
Result: WARN
Error(s) in re-building vignettes:
--- re-building 'GEO_App.Rmd' using rmarkdown
trying URL 'https://www.ncbi.nlm.nih.gov/geo/download/?acc=GSE178620&format=file&file=GSE178620%5Fraw%5Fabundances%2Ecsv%2Egz'
Quitting from lines 60-67 (GEO_App.Rmd)
Error: processing vignette 'GEO_App.Rmd' failed with diagnostics:
cannot open URL 'https://www.ncbi.nlm.nih.gov/geo/download/?acc=GSE178620&format=file&file=GSE178620%5Fraw%5Fabundances%2Ecsv%2Egz'
--- failed re-building 'GEO_App.Rmd'
--- re-building 'IntegratingMultiomics.Rmd' using rmarkdown
--- finished re-building 'IntegratingMultiomics.Rmd'
--- re-building 'bulkAnalyseR.Rmd' using rmarkdown
--- finished re-building 'bulkAnalyseR.Rmd'
SUMMARY: processing the following file failed:
'GEO_App.Rmd'
Error: Vignette re-building failed.
Execution halted
Flavor: r-oldrel-windows-ix86+x86_64