CRAN Package Check Results for Package bulkreadr

Last updated on 2024-07-18 21:48:09 CEST.

Flavor Version Tinstall Tcheck Ttotal Status Flags
r-devel-linux-x86_64-debian-clang 1.1.1 10.92 111.23 122.15 OK
r-devel-linux-x86_64-debian-gcc 1.1.1 7.17 83.42 90.59 OK
r-devel-linux-x86_64-fedora-clang 1.1.1 159.85 OK
r-devel-linux-x86_64-fedora-gcc 1.1.1 166.23 OK
r-devel-windows-x86_64 1.1.1 9.00 115.00 124.00 NOTE
r-patched-linux-x86_64 1.1.1 12.37 108.99 121.36 OK
r-release-linux-x86_64 1.1.1 8.11 107.09 115.20 OK
r-release-macos-arm64 1.1.1 67.00 OK
r-release-macos-x86_64 1.1.1 150.00 OK
r-release-windows-x86_64 1.1.1 8.00 108.00 116.00 OK
r-oldrel-macos-arm64 1.1.1 74.00 OK
r-oldrel-macos-x86_64 1.1.1 155.00 OK
r-oldrel-windows-x86_64 1.1.1 13.00 129.00 142.00 OK

Check Details

Version: 1.1.1
Check: Rd cross-references
Result: NOTE Found the following Rd file(s) with Rd \link{} targets missing package anchors: read_excel_workbook.Rd: read_excel read_gsheets.Rd: read_sheet Please provide package anchors for all Rd \link{} targets not in the package itself and the base packages. Flavor: r-devel-windows-x86_64