CRAN Package Check Results for Package bunching

Last updated on 2024-07-19 21:57:18 CEST.

Flavor Version Tinstall Tcheck Ttotal Status Flags
r-devel-linux-x86_64-debian-clang 0.8.6 8.08 237.33 245.41 OK
r-devel-linux-x86_64-debian-gcc 0.8.6 6.17 172.32 178.49 OK
r-devel-linux-x86_64-fedora-clang 0.8.6 295.73 OK
r-devel-linux-x86_64-fedora-gcc 0.8.6 294.13 OK
r-devel-windows-x86_64 0.8.6 8.00 257.00 265.00 OK
r-patched-linux-x86_64 0.8.6 8.02 221.75 229.77 OK
r-release-linux-x86_64 0.8.6 6.58 218.26 224.84 OK
r-release-macos-arm64 0.8.6 85.00 ERROR
r-release-macos-x86_64 0.8.6 144.00 OK
r-release-windows-x86_64 0.8.6 7.00 255.00 262.00 OK
r-oldrel-macos-arm64 0.8.6 93.00 ERROR
r-oldrel-macos-x86_64 0.8.6 136.00 OK
r-oldrel-windows-x86_64 0.8.6 10.00 270.00 280.00 OK

Check Details

Version: 0.8.6
Check: re-building of vignette outputs
Result: ERROR Error(s) in re-building vignettes: --- re-building ‘bunching_examples.Rmd’ using rmarkdown ! kpathsea: Running mktexpk --mfmode / --bdpi 600 --mag 1+0/600 --dpi 600 bbm10 ! mkdir: ././opt/tex/texmf-var/fonts/pk/ljfour/public: Permission denied ! mktexpk: /opt/tex/texmf-dist/web2c/mktexdir /opt/tex/texmf-var/fonts/pk/ljfour/public/bbm failed. ! kpathsea: Appending font creation commands to missfont.log. Error: processing vignette 'bunching_examples.Rmd' failed with diagnostics: LaTeX failed to compile /Volumes/Builds/packages/big-sur-arm64/results/4.4/bunching.Rcheck/vign_test/bunching/vignettes/bunching_examples.tex. See https://yihui.org/tinytex/r/#debugging for debugging tips. See bunching_examples.log for more info. --- failed re-building ‘bunching_examples.Rmd’ --- re-building ‘bunching_theory.Rmd’ using rmarkdown ! kpathsea: Running mktexpk --mfmode / --bdpi 600 --mag 1+0/600 --dpi 600 bbm10 ! mkdir: ././opt/tex/texmf-var/fonts/pk/ljfour/public: Permission denied ! mktexpk: /opt/tex/texmf-dist/web2c/mktexdir /opt/tex/texmf-var/fonts/pk/ljfour/public/bbm failed. ! kpathsea: Appending font creation commands to missfont.log. Error: processing vignette 'bunching_theory.Rmd' failed with diagnostics: LaTeX failed to compile /Volumes/Builds/packages/big-sur-arm64/results/4.4/bunching.Rcheck/vign_test/bunching/vignettes/bunching_theory.tex. See https://yihui.org/tinytex/r/#debugging for debugging tips. See bunching_theory.log for more info. --- failed re-building ‘bunching_theory.Rmd’ SUMMARY: processing the following files failed: ‘bunching_examples.Rmd’ ‘bunching_theory.Rmd’ Error: Vignette re-building failed. Execution halted Flavor: r-release-macos-arm64

Version: 0.8.6
Check: re-building of vignette outputs
Result: ERROR Error(s) in re-building vignettes: --- re-building ‘bunching_examples.Rmd’ using rmarkdown ! kpathsea: Running mktexpk --mfmode / --bdpi 600 --mag 1+0/600 --dpi 600 bbm10 ! mkdir: ././opt/tex/texmf-var/fonts/pk/ljfour/public: Permission denied ! mktexpk: /opt/tex/texmf-dist/web2c/mktexdir /opt/tex/texmf-var/fonts/pk/ljfour/public/bbm failed. ! kpathsea: Appending font creation commands to missfont.log. Error: processing vignette 'bunching_examples.Rmd' failed with diagnostics: LaTeX failed to compile /Volumes/Builds/packages/big-sur-arm64/results/4.3/bunching.Rcheck/vign_test/bunching/vignettes/bunching_examples.tex. See https://yihui.org/tinytex/r/#debugging for debugging tips. See bunching_examples.log for more info. --- failed re-building ‘bunching_examples.Rmd’ --- re-building ‘bunching_theory.Rmd’ using rmarkdown ! kpathsea: Running mktexpk --mfmode / --bdpi 600 --mag 1+0/600 --dpi 600 bbm10 ! mkdir: ././opt/tex/texmf-var/fonts/pk/ljfour/public: Permission denied ! mktexpk: /opt/tex/texmf-dist/web2c/mktexdir /opt/tex/texmf-var/fonts/pk/ljfour/public/bbm failed. ! kpathsea: Appending font creation commands to missfont.log. Error: processing vignette 'bunching_theory.Rmd' failed with diagnostics: LaTeX failed to compile /Volumes/Builds/packages/big-sur-arm64/results/4.3/bunching.Rcheck/vign_test/bunching/vignettes/bunching_theory.tex. See https://yihui.org/tinytex/r/#debugging for debugging tips. See bunching_theory.log for more info. --- failed re-building ‘bunching_theory.Rmd’ SUMMARY: processing the following files failed: ‘bunching_examples.Rmd’ ‘bunching_theory.Rmd’ Error: Vignette re-building failed. Execution halted Flavor: r-oldrel-macos-arm64