CRAN Package Check Results for Package bupaR

Last updated on 2022-01-26 19:50:27 CET.

Flavor Version Tinstall Tcheck Ttotal Status Flags
r-devel-linux-x86_64-debian-clang 0.4.4 9.34 102.59 111.93 NOTE
r-devel-linux-x86_64-debian-gcc 0.4.4 6.99 77.52 84.51 NOTE
r-devel-linux-x86_64-fedora-clang 0.4.4 138.24 NOTE
r-devel-linux-x86_64-fedora-gcc 0.4.4 124.66 NOTE
r-devel-windows-x86_64-new-UL 0.4.4 86.00 119.00 205.00 NOTE
r-devel-windows-x86_64-new-TK 0.4.4 NOTE
r-patched-linux-x86_64 0.4.4 10.41 93.29 103.70 NOTE
r-release-linux-x86_64 0.4.4 9.26 91.19 100.45 NOTE
r-release-macos-arm64 0.4.4 NOTE
r-release-macos-x86_64 0.4.4 NOTE
r-release-windows-ix86+x86_64 0.4.4 27.00 107.00 134.00 NOTE
r-oldrel-macos-x86_64 0.4.4 OK
r-oldrel-windows-ix86+x86_64 0.4.4 40.00 109.00 149.00 OK

Check Details

Version: 0.4.4
Check: LazyData
Result: NOTE
     'LazyData' is specified without a 'data' directory
Flavors: r-devel-linux-x86_64-debian-clang, r-devel-linux-x86_64-debian-gcc, r-devel-linux-x86_64-fedora-clang, r-devel-linux-x86_64-fedora-gcc, r-devel-windows-x86_64-new-UL, r-devel-windows-x86_64-new-TK, r-patched-linux-x86_64, r-release-linux-x86_64, r-release-macos-arm64, r-release-macos-x86_64, r-release-windows-ix86+x86_64