CRAN Package Check Results for Package busdater

Last updated on 2024-02-22 19:55:27 CET.

Flavor Version Tinstall Tcheck Ttotal Status Flags
r-devel-linux-x86_64-debian-clang 0.2.0 NOTE
r-devel-linux-x86_64-debian-gcc 0.2.0 2.24 31.20 33.44 NOTE
r-devel-linux-x86_64-fedora-clang 0.2.0 54.07 NOTE
r-devel-linux-x86_64-fedora-gcc 0.2.0 63.96 NOTE
r-devel-windows-x86_64 0.2.0 3.00 52.00 55.00 NOTE
r-patched-linux-x86_64 0.2.0 3.54 39.55 43.09 NOTE
r-release-linux-x86_64 0.2.0 3.25 39.54 42.79 NOTE
r-release-macos-arm64 0.2.0 29.00 NOTE
r-release-macos-x86_64 0.2.0 42.00 NOTE
r-release-windows-x86_64 0.2.0 4.00 58.00 62.00 NOTE
r-oldrel-macos-arm64 0.2.0 25.00 NOTE
r-oldrel-windows-x86_64 0.2.0 4.00 60.00 64.00 NOTE

Check Details

Version: 0.2.0
Check: LazyData
Result: NOTE 'LazyData' is specified without a 'data' directory Flavors: r-devel-linux-x86_64-debian-clang, r-devel-linux-x86_64-debian-gcc, r-devel-linux-x86_64-fedora-clang, r-devel-linux-x86_64-fedora-gcc, r-devel-windows-x86_64, r-patched-linux-x86_64, r-release-linux-x86_64, r-release-macos-arm64, r-release-macos-x86_64, r-release-windows-x86_64, r-oldrel-macos-arm64, r-oldrel-windows-x86_64