CRAN Package Check Results for Package cSEM

Last updated on 2024-06-24 21:56:44 CEST.

Flavor Version Tinstall Tcheck Ttotal Status Flags
r-devel-linux-x86_64-debian-clang 0.5.0 18.94 199.25 218.19 NOTE
r-devel-linux-x86_64-debian-gcc 0.5.0 17.38 139.33 156.71 NOTE
r-devel-linux-x86_64-fedora-clang 0.5.0 266.94 NOTE
r-devel-linux-x86_64-fedora-gcc 0.5.0 264.91 NOTE
r-devel-windows-x86_64 0.5.0 20.00 159.00 179.00 NOTE
r-patched-linux-x86_64 0.5.0 24.52 185.31 209.83 NOTE
r-release-linux-x86_64 0.5.0 24.55 189.84 214.39 NOTE
r-release-macos-arm64 0.5.0 72.00 NOTE
r-release-macos-x86_64 0.5.0 111.00 NOTE
r-release-windows-x86_64 0.5.0 19.00 161.00 180.00 NOTE
r-oldrel-macos-arm64 0.5.0 78.00 OK
r-oldrel-macos-x86_64 0.5.0 132.00 OK
r-oldrel-windows-x86_64 0.5.0 24.00 201.00 225.00 OK

Check Details

Version: 0.5.0
Check: Rd files
Result: NOTE checkRd: (-1) calculateEffects.Rd:24: Lost braces; missing escapes or markup? 24 | equals (I-B)^{-1}Gamma. The indirect effect equals the difference between | ^ Flavors: r-devel-linux-x86_64-debian-clang, r-devel-linux-x86_64-debian-gcc, r-devel-linux-x86_64-fedora-clang, r-devel-linux-x86_64-fedora-gcc, r-devel-windows-x86_64, r-patched-linux-x86_64, r-release-linux-x86_64, r-release-macos-arm64, r-release-macos-x86_64, r-release-windows-x86_64

Version: 0.5.0
Check: package dependencies
Result: NOTE Imports includes 21 non-default packages. Importing from so many packages makes the package vulnerable to any of them becoming unavailable. Move as many as possible to Suggests and use conditionally. Flavor: r-devel-linux-x86_64-fedora-clang

Version: 0.5.0
Check: dependencies in R code
Result: NOTE Namespace in Imports field not imported from: ‘Rdpack’ All declared Imports should be used. Flavors: r-devel-linux-x86_64-fedora-clang, r-devel-linux-x86_64-fedora-gcc