CRAN Package Check Results for Package caRecall

Last updated on 2024-03-04 19:54:08 CET.

Flavor Version Tinstall Tcheck Ttotal Status Flags
r-devel-linux-x86_64-debian-clang 0.1.0 1.93 28.91 30.84 NOTE
r-devel-linux-x86_64-debian-gcc 0.1.0 1.81 22.57 24.38 NOTE
r-devel-linux-x86_64-fedora-clang 0.1.0 39.68 NOTE
r-devel-linux-x86_64-fedora-gcc 0.1.0 49.91 NOTE
r-devel-windows-x86_64 0.1.0 3.00 54.00 57.00 NOTE
r-patched-linux-x86_64 0.1.0 2.80 28.41 31.21 NOTE
r-release-linux-x86_64 0.1.0 2.27 28.74 31.01 NOTE
r-release-macos-arm64 0.1.0 26.00 NOTE
r-release-macos-x86_64 0.1.0 36.00 NOTE
r-release-windows-x86_64 0.1.0 4.00 49.00 53.00 NOTE
r-oldrel-macos-arm64 0.1.0 17.00 NOTE
r-oldrel-windows-x86_64 0.1.0 4.00 53.00 57.00 NOTE

Check Details

Version: 0.1.0
Check: LazyData
Result: NOTE 'LazyData' is specified without a 'data' directory Flavors: r-devel-linux-x86_64-debian-clang, r-devel-linux-x86_64-debian-gcc, r-devel-linux-x86_64-fedora-clang, r-devel-linux-x86_64-fedora-gcc, r-devel-windows-x86_64, r-patched-linux-x86_64, r-release-linux-x86_64, r-release-macos-arm64, r-release-macos-x86_64, r-release-windows-x86_64, r-oldrel-macos-arm64, r-oldrel-windows-x86_64