CRAN Package Check Results for Package cabinets

Last updated on 2021-12-03 19:50:05 CET.

Flavor Version Tinstall Tcheck Ttotal Status Flags
r-devel-linux-x86_64-debian-clang 0.6.0 3.55 24.42 27.97 NOTE
r-devel-linux-x86_64-debian-gcc 0.6.0 2.28 19.28 21.56 NOTE
r-devel-linux-x86_64-fedora-clang 0.6.0 46.65 NOTE
r-devel-linux-x86_64-fedora-gcc 0.6.0 36.33 NOTE
r-devel-windows-x86_64-new-UL 0.6.0 9.00 59.00 68.00 NOTE
r-devel-windows-x86_64-new-TK 0.6.0 NOTE
r-devel-windows-x86_64-old 0.6.0 6.00 31.00 37.00 NOTE
r-patched-linux-x86_64 0.6.0 3.39 23.28 26.67 NOTE
r-release-linux-x86_64 0.6.0 2.76 23.55 26.31 NOTE
r-release-macos-arm64 0.6.0 NOTE
r-release-macos-x86_64 0.6.0 NOTE
r-release-windows-ix86+x86_64 0.6.0 7.00 39.00 46.00 NOTE
r-oldrel-macos-x86_64 0.6.0 OK
r-oldrel-windows-ix86+x86_64 0.6.0 7.00 40.00 47.00 OK

Check Details

Version: 0.6.0
Check: LazyData
Result: NOTE
     'LazyData' is specified without a 'data' directory
Flavors: r-devel-linux-x86_64-debian-clang, r-devel-linux-x86_64-debian-gcc, r-devel-linux-x86_64-fedora-clang, r-devel-linux-x86_64-fedora-gcc, r-devel-windows-x86_64-new-UL, r-devel-windows-x86_64-new-TK, r-devel-windows-x86_64-old, r-patched-linux-x86_64, r-release-linux-x86_64, r-release-macos-arm64, r-release-macos-x86_64, r-release-windows-ix86+x86_64