CRAN Package Check Results for Package caesar

Last updated on 2024-02-28 19:49:31 CET.

Flavor Version Tinstall Tcheck Ttotal Status Flags
r-devel-linux-x86_64-debian-clang 1.1.0 2.05 27.61 29.66 NOTE
r-devel-linux-x86_64-debian-gcc 1.1.0 1.55 21.17 22.72 NOTE
r-devel-linux-x86_64-fedora-clang 1.1.0 36.69 NOTE
r-devel-linux-x86_64-fedora-gcc 1.1.0 46.72 NOTE
r-devel-windows-x86_64 1.1.0 3.00 43.00 46.00 NOTE
r-patched-linux-x86_64 1.1.0 1.38 25.97 27.35 NOTE
r-release-linux-x86_64 1.1.0 1.45 26.17 27.62 NOTE
r-release-macos-arm64 1.1.0 24.00 NOTE
r-release-macos-x86_64 1.1.0 33.00 NOTE
r-release-windows-x86_64 1.1.0 4.00 43.00 47.00 NOTE
r-oldrel-macos-arm64 1.1.0 19.00 NOTE
r-oldrel-windows-x86_64 1.1.0 3.00 47.00 50.00 NOTE

Check Details

Version: 1.1.0
Check: LazyData
Result: NOTE 'LazyData' is specified without a 'data' directory Flavors: r-devel-linux-x86_64-debian-clang, r-devel-linux-x86_64-debian-gcc, r-devel-linux-x86_64-fedora-clang, r-devel-linux-x86_64-fedora-gcc, r-devel-windows-x86_64, r-patched-linux-x86_64, r-release-linux-x86_64, r-release-macos-arm64, r-release-macos-x86_64, r-release-windows-x86_64, r-oldrel-macos-arm64, r-oldrel-windows-x86_64