CRAN Package Check Results for Package calendR

Last updated on 2022-01-23 19:48:23 CET.

Flavor Version Tinstall Tcheck Ttotal Status Flags
r-devel-linux-x86_64-debian-clang 1.1 6.98 71.91 78.89 NOTE
r-devel-linux-x86_64-debian-gcc 1.1 5.99 61.66 67.65 NOTE
r-devel-linux-x86_64-fedora-clang 1.1 98.14 NOTE
r-devel-linux-x86_64-fedora-gcc 1.1 84.33 NOTE
r-devel-windows-x86_64-new-UL 1.1 18.00 86.00 104.00 NOTE
r-devel-windows-x86_64-new-TK 1.1 NOTE
r-patched-linux-x86_64 1.1 4.89 66.54 71.43 NOTE
r-release-linux-x86_64 1.1 5.56 66.72 72.28 NOTE
r-release-macos-arm64 1.1 NOTE
r-release-macos-x86_64 1.1 NOTE
r-release-windows-ix86+x86_64 1.1 17.00 83.00 100.00 NOTE
r-oldrel-macos-x86_64 1.1 OK
r-oldrel-windows-ix86+x86_64 1.1 18.00 82.00 100.00 OK

Check Details

Version: 1.1
Check: LazyData
Result: NOTE
     'LazyData' is specified without a 'data' directory
Flavors: r-devel-linux-x86_64-debian-clang, r-devel-linux-x86_64-debian-gcc, r-devel-linux-x86_64-fedora-clang, r-devel-linux-x86_64-fedora-gcc, r-devel-windows-x86_64-new-UL, r-devel-windows-x86_64-new-TK, r-patched-linux-x86_64, r-release-linux-x86_64, r-release-macos-arm64, r-release-macos-x86_64, r-release-windows-ix86+x86_64