CRAN Package Check Results for Package calpassapi

Last updated on 2021-12-07 19:49:39 CET.

Flavor Version Tinstall Tcheck Ttotal Status Flags
r-devel-linux-x86_64-debian-clang 0.0.3 4.19 52.19 56.38 NOTE
r-devel-linux-x86_64-debian-gcc 0.0.3 3.61 40.38 43.99 NOTE
r-devel-linux-x86_64-fedora-clang 0.0.3 68.60 NOTE
r-devel-linux-x86_64-fedora-gcc 0.0.3 57.25 NOTE
r-devel-windows-x86_64-new-UL 0.0.3 10.00 83.00 93.00 NOTE
r-devel-windows-x86_64-new-TK 0.0.3 NOTE
r-devel-windows-x86_64-old 0.0.3 8.00 73.00 81.00 NOTE
r-patched-linux-x86_64 0.0.3 3.73 48.25 51.98 NOTE
r-release-linux-x86_64 0.0.3 3.03 47.97 51.00 NOTE
r-release-macos-arm64 0.0.3 NOTE
r-release-macos-x86_64 0.0.3 NOTE
r-release-windows-ix86+x86_64 0.0.3 11.00 54.00 65.00 NOTE
r-oldrel-macos-x86_64 0.0.3 OK
r-oldrel-windows-ix86+x86_64 0.0.3 11.00 61.00 72.00 OK

Check Details

Version: 0.0.3
Check: LazyData
Result: NOTE
     'LazyData' is specified without a 'data' directory
Flavors: r-devel-linux-x86_64-debian-clang, r-devel-linux-x86_64-debian-gcc, r-devel-linux-x86_64-fedora-clang, r-devel-linux-x86_64-fedora-gcc, r-devel-windows-x86_64-new-UL, r-devel-windows-x86_64-new-TK, r-devel-windows-x86_64-old, r-patched-linux-x86_64, r-release-linux-x86_64, r-release-macos-arm64, r-release-macos-x86_64, r-release-windows-ix86+x86_64