CRAN Package Check Results for Package cancensus

Last updated on 2021-09-16 21:50:56 CEST.

Flavor Version Tinstall Tcheck Ttotal Status Flags
r-devel-linux-x86_64-debian-clang 0.4.3 5.40 67.71 73.11 OK
r-devel-linux-x86_64-debian-gcc 0.4.3 4.28 49.73 54.01 OK
r-devel-linux-x86_64-fedora-clang 0.4.3 93.33 NOTE
r-devel-linux-x86_64-fedora-gcc 0.4.3 81.34 NOTE
r-devel-windows-x86_64 0.4.3 9.00 114.00 123.00 OK
r-devel-windows-x86_64-gcc10-UCRT 0.4.3 NOTE
r-patched-linux-x86_64 0.4.3 5.68 66.21 71.89 OK
r-patched-solaris-x86 0.4.3 124.50 NOTE
r-release-linux-x86_64 0.4.3 4.47 66.28 70.75 OK
r-release-macos-arm64 0.4.3 NOTE
r-release-macos-x86_64 0.4.3 NOTE
r-release-windows-ix86+x86_64 0.4.3 12.00 76.00 88.00 OK
r-oldrel-macos-x86_64 0.4.3 NOTE
r-oldrel-windows-ix86+x86_64 0.4.3 9.00 90.00 99.00 ERROR

Check Details

Version: 0.4.3
Check: data for non-ASCII characters
Result: NOTE
     Note: found 23 marked UTF-8 strings
Flavors: r-devel-linux-x86_64-fedora-clang, r-devel-linux-x86_64-fedora-gcc, r-devel-windows-x86_64-gcc10-UCRT, r-patched-solaris-x86, r-release-macos-arm64, r-release-macos-x86_64, r-oldrel-macos-x86_64

Version: 0.4.3
Check: package dependencies
Result: NOTE
    Package suggested but not available for checking: ‘sf’
Flavor: r-release-macos-arm64

Version: 0.4.3
Check: examples
Result: ERROR
    Running examples in 'cancensus-Ex.R' failed
    The error most likely occurred in:
    
    > ### Name: child_census_vectors
    > ### Title: List all child variables from vector hierarchies given either a
    > ### list of Census variables returned by 'list_census_vectors',
    > ### 'search_census_vectors', 'find_census_vectors', or a direct string
    > ### reference to the vector code.
    > ### Aliases: child_census_vectors
    >
    > ### ** Examples
    >
    > # Query parent vectors directly using vector identifier
    > child_census_vectors("v_CA16_2510")
    Error in curl::curl_fetch_memory(url, handle = handle) :
     Timeout was reached: [censusmapper.ca] Connection timed out after 10000 milliseconds
    Calls: child_census_vectors ... request_fetch -> request_fetch.write_memory -> <Anonymous>
    Execution halted
Flavor: r-oldrel-windows-ix86+x86_64

Version: 0.4.3
Check: re-building of vignette outputs
Result: WARN
    Error(s) in re-building vignettes:
    --- re-building 'Dwellings_by_document_type_cross_tabulation.Rmd' using rmarkdown
    --- finished re-building 'Dwellings_by_document_type_cross_tabulation.Rmd'
    
    --- re-building 'Making_maps_with_cancensus.Rmd' using rmarkdown
    --- finished re-building 'Making_maps_with_cancensus.Rmd'
    
    --- re-building 'Taxfiler_Data.Rmd' using rmarkdown
    --- finished re-building 'Taxfiler_Data.Rmd'
    
    --- re-building 'cancensus.Rmd' using rmarkdown
    Census data is currently stored temporarily.
    
     In order to speed up performance, reduce API quota usage, and reduce unnecessary network calls, please set up a persistent cache directory by setting the environment variable CM_CACHE_PATH= '<path to cancensus cache directory>' or setting options(cancensus.cache_path = '<path to cancensus cache directory>')
    
     You may add this environment varianble to your .Renviron or add this option, together with your API key, to your .Rprofile.
    
    
    
    Attaching package: 'dplyr'
    
    The following objects are masked from 'package:stats':
    
     filter, lag
    
    The following objects are masked from 'package:base':
    
     intersect, setdiff, setequal, union
    
    --- finished re-building 'cancensus.Rmd'
    
    --- re-building 'data_discovery.Rmd' using rmarkdown
    Querying CensusMapper API for available datasets...
    Quitting from lines 23-24 (data_discovery.Rmd)
    Error: processing vignette 'data_discovery.Rmd' failed with diagnostics:
    Timeout was reached: [censusmapper.ca] Connection timed out after 10000 milliseconds
    --- failed re-building 'data_discovery.Rmd'
    
    --- re-building 'intersecting_geometries.Rmd' using rmarkdown
    --- finished re-building 'intersecting_geometries.Rmd'
    
    SUMMARY: processing the following file failed:
     'data_discovery.Rmd'
    
    Error: Vignette re-building failed.
    Execution halted
Flavor: r-oldrel-windows-ix86+x86_64