CRAN Package Check Results for Package carbonate

Last updated on 2022-05-27 21:51:18 CEST.

Flavor Version Tinstall Tcheck Ttotal Status Flags
r-devel-linux-x86_64-debian-clang 0.1.3 5.99 60.78 66.77 NOTE
r-devel-linux-x86_64-debian-gcc 0.1.3 4.91 45.42 50.33 NOTE
r-devel-linux-x86_64-fedora-clang 0.1.3 80.24 NOTE
r-devel-linux-x86_64-fedora-gcc 0.1.3 76.00 NOTE
r-devel-windows-x86_64 0.1.3 26.00 77.00 103.00 NOTE
r-patched-linux-x86_64 0.1.3 4.84 57.57 62.41 NOTE
r-release-linux-x86_64 0.1.3 4.75 56.82 61.57 NOTE
r-release-macos-arm64 0.1.3 29.00 NOTE
r-release-macos-x86_64 0.1.3 46.00 NOTE
r-release-windows-x86_64 0.1.3 34.00 81.00 115.00 NOTE
r-oldrel-macos-arm64 0.1.3 29.00 NOTE
r-oldrel-macos-x86_64 0.1.3 39.00 NOTE
r-oldrel-windows-ix86+x86_64 0.1.3 14.00 70.00 84.00 NOTE

Check Details

Version: 0.1.3
Check: LazyData
Result: NOTE
     'LazyData' is specified without a 'data' directory
Flavors: r-devel-linux-x86_64-debian-clang, r-devel-linux-x86_64-debian-gcc, r-devel-linux-x86_64-fedora-clang, r-devel-linux-x86_64-fedora-gcc, r-devel-windows-x86_64, r-patched-linux-x86_64, r-release-linux-x86_64, r-release-macos-arm64, r-release-macos-x86_64, r-release-windows-x86_64, r-oldrel-macos-arm64, r-oldrel-macos-x86_64, r-oldrel-windows-ix86+x86_64

Version: 0.1.3
Check: dependencies in R code
Result: NOTE
    Namespace in Imports field not imported from: ‘details’
     All declared Imports should be used.
Flavors: r-devel-linux-x86_64-fedora-clang, r-devel-linux-x86_64-fedora-gcc, r-release-macos-arm64, r-release-macos-x86_64, r-oldrel-macos-arm64, r-oldrel-macos-x86_64