CRAN Package Check Results for Package carpenter

Last updated on 2021-11-28 19:48:47 CET.

Flavor Version Tinstall Tcheck Ttotal Status Flags
r-devel-linux-x86_64-debian-clang 0.2.2 NOTE
r-devel-linux-x86_64-debian-gcc 0.2.2 2.74 31.96 34.70 NOTE
r-devel-linux-x86_64-fedora-clang 0.2.2 65.34 NOTE
r-devel-linux-x86_64-fedora-gcc 0.2.2 53.08 NOTE
r-devel-windows-x86_64-new-UL 0.2.2 9.00 82.00 91.00 NOTE
r-devel-windows-x86_64-new-TK 0.2.2 NOTE
r-devel-windows-x86_64-old 0.2.2 5.00 60.00 65.00 NOTE
r-patched-linux-x86_64 0.2.2 3.19 38.76 41.95 NOTE
r-patched-solaris-x86 0.2.2 71.50 NOTE
r-release-linux-x86_64 0.2.2 2.74 38.39 41.13 NOTE
r-release-macos-arm64 0.2.2 NOTE
r-release-macos-x86_64 0.2.2 NOTE
r-release-windows-ix86+x86_64 0.2.2 8.00 59.00 67.00 NOTE
r-oldrel-macos-x86_64 0.2.2 OK
r-oldrel-windows-ix86+x86_64 0.2.2 9.00 58.00 67.00 OK

Check Details

Version: 0.2.2
Check: LazyData
Result: NOTE
     'LazyData' is specified without a 'data' directory
Flavors: r-devel-linux-x86_64-debian-clang, r-devel-linux-x86_64-debian-gcc, r-devel-linux-x86_64-fedora-clang, r-devel-linux-x86_64-fedora-gcc, r-devel-windows-x86_64-new-UL, r-devel-windows-x86_64-new-TK, r-devel-windows-x86_64-old, r-patched-linux-x86_64, r-patched-solaris-x86, r-release-linux-x86_64, r-release-macos-arm64, r-release-macos-x86_64, r-release-windows-ix86+x86_64