CRAN Package Check Results for Package cartogram

Last updated on 2022-01-16 19:49:21 CET.

Flavor Version Tinstall Tcheck Ttotal Status Flags
r-devel-linux-x86_64-debian-clang 0.2.2 4.82 74.43 79.25 NOTE
r-devel-linux-x86_64-debian-gcc 0.2.2 3.50 61.51 65.01 NOTE
r-devel-linux-x86_64-fedora-clang 0.2.2 103.88 NOTE
r-devel-linux-x86_64-fedora-gcc 0.2.2 85.93 NOTE
r-devel-windows-x86_64-new-UL 0.2.2 27.00 84.00 111.00 NOTE
r-devel-windows-x86_64-new-TK 0.2.2 NOTE
r-patched-linux-x86_64 0.2.2 4.76 69.83 74.59 NOTE
r-release-linux-x86_64 0.2.2 NOTE
r-release-macos-arm64 0.2.2 NOTE
r-release-macos-x86_64 0.2.2 NOTE
r-release-windows-ix86+x86_64 0.2.2 13.00 85.00 98.00 NOTE
r-oldrel-macos-x86_64 0.2.2 OK
r-oldrel-windows-ix86+x86_64 0.2.2 13.00 86.00 99.00 OK

Check Details

Version: 0.2.2
Check: LazyData
Result: NOTE
     'LazyData' is specified without a 'data' directory
Flavors: r-devel-linux-x86_64-debian-clang, r-devel-linux-x86_64-debian-gcc, r-devel-linux-x86_64-fedora-clang, r-devel-linux-x86_64-fedora-gcc, r-devel-windows-x86_64-new-UL, r-devel-windows-x86_64-new-TK, r-patched-linux-x86_64, r-release-linux-x86_64, r-release-macos-arm64, r-release-macos-x86_64, r-release-windows-ix86+x86_64