CRAN Package Check Results for Package cartography

Last updated on 2022-01-24 20:17:43 CET.

Flavor Version Tinstall Tcheck Ttotal Status Flags
r-devel-linux-x86_64-debian-clang 3.0.1 28.25 260.17 288.42 OK
r-devel-linux-x86_64-debian-gcc 3.0.1 20.36 195.29 215.65 OK
r-devel-linux-x86_64-fedora-clang 3.0.1 410.18 OK
r-devel-linux-x86_64-fedora-gcc 3.0.1 402.91 OK
r-devel-windows-x86_64-new-UL 3.0.1 158.00 335.00 493.00 OK
r-devel-windows-x86_64-new-TK 3.0.1 OK
r-patched-linux-x86_64 3.0.1 25.49 247.89 273.38 OK
r-release-linux-x86_64 3.0.1 19.60 249.98 269.58 OK
r-release-macos-arm64 3.0.1 OK
r-release-macos-x86_64 3.0.1 OK
r-release-windows-ix86+x86_64 3.0.1 58.00 586.00 644.00 NOTE
r-oldrel-macos-x86_64 3.0.1 OK
r-oldrel-windows-ix86+x86_64 3.0.1 58.00 605.00 663.00 NOTE

Check Details

Version: 3.0.1
Check: installed package size
Result: NOTE
     installed size is 5.3Mb
     sub-directories of 1Mb or more:
     data 1.2Mb
     doc 1.1Mb
     libs 2.0Mb
Flavors: r-release-windows-ix86+x86_64, r-oldrel-windows-ix86+x86_64