CRAN Package Check Results for Package catSurv

Last updated on 2024-02-22 19:55:27 CET.

Flavor Version Tinstall Tcheck Ttotal Status Flags
r-devel-linux-x86_64-debian-clang 1.5.0 NOTE
r-devel-linux-x86_64-debian-gcc 1.5.0 168.95 111.25 280.20 NOTE
r-devel-linux-x86_64-fedora-clang 1.5.0 564.14 NOTE
r-devel-linux-x86_64-fedora-gcc 1.5.0 516.69 NOTE
r-devel-windows-x86_64 1.5.0 181.00 154.00 335.00 NOTE
r-patched-linux-x86_64 1.5.0 217.78 146.20 363.98 NOTE
r-release-linux-x86_64 1.5.0 218.90 145.86 364.76 NOTE
r-release-macos-arm64 1.5.0 129.00 NOTE
r-release-macos-x86_64 1.5.0 193.00 NOTE
r-release-windows-x86_64 1.5.0 226.00 195.00 421.00 NOTE
r-oldrel-macos-arm64 1.5.0 111.00 NOTE
r-oldrel-windows-x86_64 1.5.0 223.00 166.00 389.00 NOTE

Additional issues

Intel

Check Details

Version: 1.5.0
Check: C++ specification
Result: NOTE Specified C++11: please drop specification unless essential Flavors: r-devel-linux-x86_64-debian-clang, r-devel-linux-x86_64-debian-gcc, r-devel-linux-x86_64-fedora-clang, r-devel-linux-x86_64-fedora-gcc, r-devel-windows-x86_64, r-patched-linux-x86_64, r-release-linux-x86_64, r-release-macos-arm64, r-release-macos-x86_64, r-release-windows-x86_64

Version: 1.5.0
Check: for GNU extensions in Makefiles
Result: NOTE GNU make is a SystemRequirements. Flavors: r-devel-linux-x86_64-debian-clang, r-devel-linux-x86_64-debian-gcc, r-devel-linux-x86_64-fedora-clang, r-devel-linux-x86_64-fedora-gcc, r-devel-windows-x86_64, r-patched-linux-x86_64, r-release-linux-x86_64, r-release-macos-arm64, r-release-macos-x86_64, r-release-windows-x86_64, r-oldrel-macos-arm64, r-oldrel-windows-x86_64

Version: 1.5.0
Check: installed package size
Result: NOTE installed size is 7.7Mb sub-directories of 1Mb or more: libs 6.8Mb Flavors: r-release-macos-arm64, r-release-macos-x86_64, r-oldrel-macos-arm64