CRAN Package Check Results for Package catdata

Last updated on 2021-11-27 19:49:29 CET.

Flavor Version Tinstall Tcheck Ttotal Status Flags
r-devel-linux-x86_64-debian-clang 1.2.2 NOTE
r-devel-linux-x86_64-debian-gcc 1.2.2 1.68 293.76 295.44 NOTE
r-devel-linux-x86_64-fedora-clang 1.2.2 530.66 NOTE
r-devel-linux-x86_64-fedora-gcc 1.2.2 459.48 NOTE
r-devel-windows-x86_64-new-UL 1.2.2 14.00 1158.00 1172.00 NOTE
r-devel-windows-x86_64-new-TK 1.2.2 NOTE
r-devel-windows-x86_64-old 1.2.2 6.00 690.00 696.00 OK
r-patched-linux-x86_64 1.2.2 3.74 130.19 133.93 NOTE
r-patched-solaris-x86 1.2.2 255.30 NOTE
r-release-linux-x86_64 1.2.2 NOTE
r-release-macos-arm64 1.2.2 NOTE
r-release-macos-x86_64 1.2.2 NOTE
r-release-windows-ix86+x86_64 1.2.2 10.00 490.00 500.00 OK
r-oldrel-macos-x86_64 1.2.2 OK
r-oldrel-windows-ix86+x86_64 1.2.2 8.00 234.00 242.00 OK

Check Details

Version: 1.2.2
Check: package dependencies
Result: NOTE
    Package suggested but not available for checking: 'GAMBoost'
Flavors: r-devel-linux-x86_64-debian-clang, r-devel-linux-x86_64-debian-gcc, r-devel-linux-x86_64-fedora-clang, r-devel-linux-x86_64-fedora-gcc, r-devel-windows-x86_64-new-UL, r-devel-windows-x86_64-new-TK, r-patched-linux-x86_64, r-patched-solaris-x86, r-release-linux-x86_64, r-release-macos-arm64, r-release-macos-x86_64