CRAN Package Check Results for Package catfun

Last updated on 2023-12-07 19:58:23 CET.

Flavor Version Tinstall Tcheck Ttotal Status Flags
r-devel-linux-x86_64-debian-clang 0.1.4 8.28 70.76 79.04 NOTE
r-devel-linux-x86_64-debian-gcc 0.1.4 5.65 52.98 58.63 NOTE
r-devel-linux-x86_64-fedora-clang 0.1.4 96.57 NOTE
r-devel-linux-x86_64-fedora-gcc 0.1.4 89.56 NOTE
r-devel-windows-x86_64 0.1.4 9.00 75.00 84.00 NOTE
r-patched-linux-x86_64 0.1.4 5.90 67.75 73.65 NOTE
r-release-linux-x86_64 0.1.4 5.20 65.80 71.00 NOTE
r-release-macos-arm64 0.1.4 32.00 NOTE
r-release-macos-x86_64 0.1.4 46.00 NOTE
r-release-windows-x86_64 0.1.4 11.00 86.00 97.00 NOTE
r-oldrel-macos-arm64 0.1.4 41.00 NOTE
r-oldrel-macos-x86_64 0.1.4 77.00 NOTE
r-oldrel-windows-x86_64 0.1.4 12.00 87.00 99.00 NOTE

Check Details

Version: 0.1.4
Check: LazyData
Result: NOTE 'LazyData' is specified without a 'data' directory Flavors: r-devel-linux-x86_64-debian-clang, r-devel-linux-x86_64-debian-gcc, r-devel-linux-x86_64-fedora-clang, r-devel-linux-x86_64-fedora-gcc, r-devel-windows-x86_64, r-patched-linux-x86_64, r-release-linux-x86_64, r-release-macos-arm64, r-release-macos-x86_64, r-release-windows-x86_64, r-oldrel-macos-arm64, r-oldrel-macos-x86_64, r-oldrel-windows-x86_64

Version: 0.1.4
Check: dependencies in R code
Result: NOTE Namespaces in Imports field not imported from: ‘broom’ ‘epitools’ All declared Imports should be used. Flavors: r-devel-linux-x86_64-fedora-clang, r-devel-linux-x86_64-fedora-gcc, r-oldrel-macos-arm64, r-oldrel-macos-x86_64