CRAN Package Check Results for Package catfun

Last updated on 2023-02-06 19:54:17 CET.

Flavor Version Tinstall Tcheck Ttotal Status Flags
r-devel-linux-x86_64-debian-clang 0.1.4 11.59 110.28 121.87 NOTE
r-devel-linux-x86_64-debian-gcc 0.1.4 9.14 80.38 89.52 NOTE
r-devel-linux-x86_64-fedora-clang 0.1.4 153.68 NOTE
r-devel-linux-x86_64-fedora-gcc 0.1.4 147.77 NOTE
r-devel-windows-x86_64 0.1.4 26.00 139.00 165.00 NOTE
r-patched-linux-x86_64 0.1.4 14.06 106.00 120.06 NOTE
r-release-linux-x86_64 0.1.4 9.02 105.71 114.73 NOTE
r-release-macos-arm64 0.1.4 41.00 NOTE
r-release-macos-x86_64 0.1.4 77.00 NOTE
r-release-windows-x86_64 0.1.4 25.00 150.00 175.00 NOTE
r-oldrel-macos-arm64 0.1.4 50.00 NOTE
r-oldrel-macos-x86_64 0.1.4 91.00 NOTE
r-oldrel-windows-ix86+x86_64 0.1.4 31.00 137.00 168.00 NOTE

Check Details

Version: 0.1.4
Check: LazyData
Result: NOTE
     'LazyData' is specified without a 'data' directory
Flavors: r-devel-linux-x86_64-debian-clang, r-devel-linux-x86_64-debian-gcc, r-devel-linux-x86_64-fedora-clang, r-devel-linux-x86_64-fedora-gcc, r-devel-windows-x86_64, r-patched-linux-x86_64, r-release-linux-x86_64, r-release-macos-arm64, r-release-macos-x86_64, r-release-windows-x86_64, r-oldrel-macos-arm64, r-oldrel-macos-x86_64, r-oldrel-windows-ix86+x86_64

Version: 0.1.4
Check: dependencies in R code
Result: NOTE
    Namespaces in Imports field not imported from:
     ‘broom’ ‘epitools’
     All declared Imports should be used.
Flavors: r-devel-linux-x86_64-fedora-clang, r-devel-linux-x86_64-fedora-gcc, r-release-macos-arm64, r-release-macos-x86_64, r-oldrel-macos-arm64, r-oldrel-macos-x86_64