CRAN Package Check Results for Package catmap

Last updated on 2021-11-28 19:48:47 CET.

Flavor Version Tinstall Tcheck Ttotal Status Flags
r-devel-linux-x86_64-debian-clang 1.6.4 NOTE
r-devel-linux-x86_64-debian-gcc 1.6.4 2.38 24.57 26.95 NOTE
r-devel-linux-x86_64-fedora-clang 1.6.4 53.63 NOTE
r-devel-linux-x86_64-fedora-gcc 1.6.4 42.23 NOTE
r-devel-windows-x86_64-new-UL 1.6.4 7.00 65.00 72.00 OK
r-devel-windows-x86_64-new-TK 1.6.4 OK
r-devel-windows-x86_64-old 1.6.4 3.00 47.00 50.00 OK
r-patched-linux-x86_64 1.6.4 3.09 30.35 33.44 NOTE
r-patched-solaris-x86 1.6.4 64.80 NOTE
r-release-linux-x86_64 1.6.4 2.37 30.24 32.61 NOTE
r-release-macos-arm64 1.6.4 OK
r-release-macos-x86_64 1.6.4 OK
r-release-windows-ix86+x86_64 1.6.4 6.00 48.00 54.00 OK
r-oldrel-macos-x86_64 1.6.4 OK
r-oldrel-windows-ix86+x86_64 1.6.4 5.00 49.00 54.00 OK

Check Details

Version: 1.6.4
Check: for non-standard things in the check directory
Result: NOTE
    Found the following files/directories:
     'catmapdata.fixed.effects.plot.pdf' 'catmapdata.funnel.plot.pdf'
     'catmapdata.output.txt' 'catmapdata.random.effects.plot.pdf'
Flavors: r-devel-linux-x86_64-debian-clang, r-devel-linux-x86_64-debian-gcc, r-devel-linux-x86_64-fedora-clang, r-devel-linux-x86_64-fedora-gcc, r-patched-linux-x86_64, r-patched-solaris-x86, r-release-linux-x86_64