CRAN Package Check Results for Package cats

Last updated on 2022-12-05 19:51:26 CET.

Flavor Version Tinstall Tcheck Ttotal Status Flags
r-devel-linux-x86_64-debian-clang 1.0.2 4.51 45.13 49.64 OK
r-devel-linux-x86_64-debian-gcc 1.0.2 2.84 33.44 36.28 OK
r-devel-linux-x86_64-fedora-clang 1.0.2 74.40 NOTE
r-devel-linux-x86_64-fedora-gcc 1.0.2 68.83 NOTE
r-devel-windows-x86_64 1.0.2 15.00 68.00 83.00 OK
r-patched-linux-x86_64 1.0.2 4.06 42.89 46.95 OK
r-release-linux-x86_64 1.0.2 3.16 42.63 45.79 OK
r-release-macos-arm64 1.0.2 21.00 NOTE
r-release-macos-x86_64 1.0.2 33.00 NOTE
r-release-windows-x86_64 1.0.2 13.00 67.00 80.00 OK
r-oldrel-macos-arm64 1.0.2 17.00 NOTE
r-oldrel-macos-x86_64 1.0.2 25.00 NOTE
r-oldrel-windows-ix86+x86_64 1.0.2 11.00 64.00 75.00 OK

Check Details

Version: 1.0.2
Check: dependencies in R code
Result: NOTE
    Namespaces in Imports field not imported from:
     ‘epitools’ ‘forcats’ ‘purrr’
     All declared Imports should be used.
Flavors: r-devel-linux-x86_64-fedora-clang, r-devel-linux-x86_64-fedora-gcc, r-release-macos-arm64, r-release-macos-x86_64, r-oldrel-macos-arm64, r-oldrel-macos-x86_64