Last updated on 2022-05-26 21:50:02 CEST.
Flavor | Version | Tinstall | Tcheck | Ttotal | Status | Flags |
---|---|---|---|---|---|---|
r-devel-linux-x86_64-debian-clang | 0.1.0 | 13.44 | 127.23 | 140.67 | OK | |
r-devel-linux-x86_64-debian-gcc | 0.1.0 | 12.50 | 108.39 | 120.89 | OK | |
r-devel-linux-x86_64-fedora-clang | 0.1.0 | 168.49 | NOTE | |||
r-devel-linux-x86_64-fedora-gcc | 0.1.0 | 165.45 | NOTE | |||
r-devel-windows-x86_64 | 0.1.0 | 19.00 | 140.00 | 159.00 | OK | |
r-patched-linux-x86_64 | 0.1.0 | 13.55 | 118.07 | 131.62 | OK | |
r-release-linux-x86_64 | 0.1.0 | 15.13 | 120.21 | 135.34 | OK | |
r-release-macos-arm64 | 0.1.0 | 41.00 | NOTE | |||
r-release-macos-x86_64 | 0.1.0 | 93.00 | NOTE | |||
r-release-windows-x86_64 | 0.1.0 | 20.00 | 133.00 | 153.00 | OK | |
r-oldrel-macos-arm64 | 0.1.0 | 50.00 | NOTE | |||
r-oldrel-macos-x86_64 | 0.1.0 | 76.00 | NOTE | |||
r-oldrel-windows-ix86+x86_64 | 0.1.0 | 31.00 | 131.00 | 162.00 | OK |
Version: 0.1.0
Check: dependencies in R code
Result: NOTE
Namespace in Imports field not imported from: ‘methods’
All declared Imports should be used.
Flavors: r-devel-linux-x86_64-fedora-clang, r-devel-linux-x86_64-fedora-gcc, r-release-macos-arm64, r-release-macos-x86_64, r-oldrel-macos-arm64, r-oldrel-macos-x86_64