Last updated on 2022-06-27 21:51:15 CEST.
Flavor | Version | Tinstall | Tcheck | Ttotal | Status | Flags |
---|---|---|---|---|---|---|
r-devel-linux-x86_64-debian-clang | 0.0.1 | 2.21 | 30.06 | 32.27 | NOTE | |
r-devel-linux-x86_64-debian-gcc | 0.0.1 | 1.74 | 23.24 | 24.98 | NOTE | |
r-devel-linux-x86_64-fedora-clang | 0.0.1 | 49.02 | NOTE | |||
r-devel-linux-x86_64-fedora-gcc | 0.0.1 | 47.68 | NOTE | |||
r-devel-windows-x86_64 | 0.0.1 | 8.00 | 68.00 | 76.00 | NOTE | |
r-patched-linux-x86_64 | 0.0.1 | 2.27 | 29.41 | 31.68 | NOTE | |
r-release-linux-x86_64 | 0.0.1 | 2.16 | 28.97 | 31.13 | NOTE | |
r-release-macos-arm64 | 0.0.1 | 18.00 | NOTE | |||
r-release-macos-x86_64 | 0.0.1 | 26.00 | NOTE | |||
r-release-windows-x86_64 | 0.0.1 | 5.00 | 66.00 | 71.00 | NOTE | |
r-oldrel-macos-arm64 | 0.0.1 | 25.00 | NOTE | |||
r-oldrel-macos-x86_64 | 0.0.1 | 35.00 | NOTE | |||
r-oldrel-windows-ix86+x86_64 | 0.0.1 | 4.00 | 27.00 | 31.00 | NOTE |
Version: 0.0.1
Check: dependencies in R code
Result: NOTE
'library' or 'require' call to 'bitops' which was already attached by Depends.
Please remove these calls from your code.
Flavors: r-devel-linux-x86_64-debian-clang, r-devel-linux-x86_64-debian-gcc, r-devel-linux-x86_64-fedora-clang, r-devel-linux-x86_64-fedora-gcc, r-devel-windows-x86_64, r-patched-linux-x86_64, r-release-linux-x86_64, r-release-macos-arm64, r-release-macos-x86_64, r-release-windows-x86_64, r-oldrel-macos-arm64, r-oldrel-macos-x86_64, r-oldrel-windows-ix86+x86_64
Version: 0.0.1
Check: for non-standard things in the check directory
Result: NOTE
Found the following files/directories:
'Base.txt'
Flavors: r-devel-linux-x86_64-debian-clang, r-devel-linux-x86_64-debian-gcc, r-devel-linux-x86_64-fedora-clang, r-devel-linux-x86_64-fedora-gcc, r-patched-linux-x86_64, r-release-linux-x86_64