CRAN Package Check Results for Package cenROC

Last updated on 2021-05-05 22:51:29 CEST.

Flavor Version Tinstall Tcheck Ttotal Status Flags
r-devel-linux-x86_64-debian-clang 1.2.0 61.55 84.83 146.38 OK
r-devel-linux-x86_64-debian-gcc 1.2.0 43.68 64.07 107.75 OK
r-devel-linux-x86_64-fedora-clang 1.2.0 204.93 NOTE
r-devel-linux-x86_64-fedora-gcc 1.2.0 181.29 OK
r-devel-windows-ix86+x86_64 1.2.0 94.00 154.00 248.00 OK
r-devel-windows-x86_64-gcc10-UCRT 1.2.0 OK
r-patched-linux-x86_64 1.2.0 49.64 84.47 134.11 OK
r-patched-solaris-x86 1.2.0 204.50 OK
r-release-linux-x86_64 1.2.0 52.73 80.71 133.44 OK
r-release-macos-x86_64 1.2.0 NOTE
r-release-windows-ix86+x86_64 1.2.0 98.00 117.00 215.00 OK
r-oldrel-macos-x86_64 1.2.0 NOTE
r-oldrel-windows-ix86+x86_64 1.2.0 109.00 11.00 120.00 ERROR

Check Details

Version: 1.2.0
Check: installed package size
Result: NOTE
     installed size is 10.1Mb
     sub-directories of 1Mb or more:
     libs 9.9Mb
Flavors: r-devel-linux-x86_64-fedora-clang, r-release-macos-x86_64, r-oldrel-macos-x86_64

Version: 1.2.0
Check: whether package can be installed
Result: ERROR
    Installation failed.
Flavor: r-oldrel-windows-ix86+x86_64