CRAN Package Check Results for Package centiserve

Last updated on 2024-03-03 19:56:18 CET.

Flavor Version Tinstall Tcheck Ttotal Status Flags
r-devel-linux-x86_64-debian-clang 1.0.0 9.50 87.44 96.94 NOTE
r-devel-linux-x86_64-debian-gcc 1.0.0 7.62 65.62 73.24 NOTE
r-devel-linux-x86_64-fedora-clang 1.0.0 119.07 NOTE
r-devel-linux-x86_64-fedora-gcc 1.0.0 121.91 NOTE
r-devel-windows-x86_64 1.0.0 9.00 85.00 94.00 OK
r-patched-linux-x86_64 1.0.0 7.99 85.04 93.03 OK
r-release-linux-x86_64 1.0.0 8.82 86.20 95.02 OK
r-release-macos-arm64 1.0.0 37.00 OK
r-release-macos-x86_64 1.0.0 59.00 NOTE
r-release-windows-x86_64 1.0.0 13.00 104.00 117.00 OK
r-oldrel-macos-arm64 1.0.0 36.00 OK
r-oldrel-windows-x86_64 1.0.0 13.00 96.00 109.00 OK

Check Details

Version: 1.0.0
Check: Rd files
Result: NOTE checkRd: (-1) centroid.Rd:22: Lost braces; missing escapes or markup? 22 | Centroid value C_{cen}(v) for node v defined as: | ^ checkRd: (-1) clusterrank.Rd:23: Lost braces; missing escapes or markup? 23 | where the term f(c_{i}) accounts for the effect of i's local clustering and the term '+1' results from the contribution of \eqn{j}{j} itself. \cr | ^ Flavors: r-devel-linux-x86_64-debian-clang, r-devel-linux-x86_64-debian-gcc, r-devel-linux-x86_64-fedora-clang, r-devel-linux-x86_64-fedora-gcc

Version: 1.0.0
Check: package dependencies
Result: NOTE Package suggested but not available for checking: ‘linkcomm’ Flavor: r-release-macos-x86_64