Last updated on 2023-09-26 23:04:08 CEST.
Flavor | Version | Tinstall | Tcheck | Ttotal | Status | Flags |
---|---|---|---|---|---|---|
r-devel-linux-x86_64-debian-clang | 1.0.0 | 10.91 | 86.61 | 97.52 | OK | |
r-devel-linux-x86_64-debian-gcc | 1.0.0 | 7.51 | 66.35 | 73.86 | OK | |
r-devel-linux-x86_64-fedora-clang | 1.0.0 | 122.57 | OK | |||
r-devel-linux-x86_64-fedora-gcc | 1.0.0 | 116.79 | OK | |||
r-devel-windows-x86_64 | 1.0.0 | 9.00 | 87.00 | 96.00 | OK | |
r-patched-linux-x86_64 | 1.0.0 | 9.33 | 83.48 | 92.81 | OK | |
r-release-linux-x86_64 | 1.0.0 | 10.29 | 85.36 | 95.65 | OK | |
r-release-macos-arm64 | 1.0.0 | 37.00 | OK | |||
r-release-macos-x86_64 | 1.0.0 | 59.00 | NOTE | |||
r-release-windows-x86_64 | 1.0.0 | 11.00 | 100.00 | 111.00 | OK | |
r-oldrel-macos-arm64 | 1.0.0 | 36.00 | OK | |||
r-oldrel-macos-x86_64 | 1.0.0 | 47.00 | OK | |||
r-oldrel-windows-x86_64 | 1.0.0 | 12.00 | 97.00 | 109.00 | OK |
Version: 1.0.0
Check: package dependencies
Result: NOTE
Package suggested but not available for checking: ‘linkcomm’
Flavor: r-release-macos-x86_64