CRAN Package Check Results for Package ceterisParibus

Last updated on 2021-11-30 19:51:18 CET.

Flavor Version Tinstall Tcheck Ttotal Status Flags
r-devel-linux-x86_64-debian-clang 0.4.2 5.65 62.18 67.83 NOTE
r-devel-linux-x86_64-debian-gcc 0.4.2 4.48 46.49 50.97 NOTE
r-devel-linux-x86_64-fedora-clang 0.4.2 90.99 NOTE
r-devel-linux-x86_64-fedora-gcc 0.4.2 77.19 NOTE
r-devel-windows-x86_64-new-UL 0.4.2 15.00 141.00 156.00 NOTE
r-devel-windows-x86_64-new-TK 0.4.2 NOTE
r-devel-windows-x86_64-old 0.4.2 10.00 81.00 91.00 NOTE
r-patched-linux-x86_64 0.4.2 4.64 54.28 58.92 NOTE
r-patched-solaris-x86 0.4.2 104.80 NOTE
r-release-linux-x86_64 0.4.2 5.73 54.30 60.03 NOTE
r-release-macos-arm64 0.4.2 NOTE
r-release-macos-x86_64 0.4.2 NOTE
r-release-windows-ix86+x86_64 0.4.2 14.00 78.00 92.00 NOTE
r-oldrel-macos-x86_64 0.4.2 NOTE
r-oldrel-windows-ix86+x86_64 0.4.2 10.00 65.00 75.00 OK

Check Details

Version: 0.4.2
Check: LazyData
Result: NOTE
     'LazyData' is specified without a 'data' directory
Flavors: r-devel-linux-x86_64-debian-clang, r-devel-linux-x86_64-debian-gcc, r-devel-linux-x86_64-fedora-clang, r-devel-linux-x86_64-fedora-gcc, r-devel-windows-x86_64-new-UL, r-devel-windows-x86_64-new-TK, r-devel-windows-x86_64-old, r-patched-linux-x86_64, r-patched-solaris-x86, r-release-linux-x86_64, r-release-macos-arm64, r-release-macos-x86_64, r-release-windows-ix86+x86_64

Version: 0.4.2
Check: dependencies in R code
Result: NOTE
    Namespace in Imports field not imported from: ‘knitr’
     All declared Imports should be used.
Flavors: r-devel-linux-x86_64-fedora-clang, r-devel-linux-x86_64-fedora-gcc, r-devel-windows-x86_64-new-TK, r-patched-solaris-x86, r-release-macos-arm64, r-release-macos-x86_64, r-oldrel-macos-x86_64