CRAN Package Check Results for Package cgmquantify

Last updated on 2021-12-01 19:51:31 CET.

Flavor Version Tinstall Tcheck Ttotal Status Flags
r-devel-linux-x86_64-debian-clang 0.1.0 2.82 32.09 34.91 NOTE
r-devel-linux-x86_64-debian-gcc 0.1.0 2.15 25.11 27.26 NOTE
r-devel-linux-x86_64-fedora-clang 0.1.0 53.66 NOTE
r-devel-linux-x86_64-fedora-gcc 0.1.0 41.97 NOTE
r-devel-windows-x86_64-new-UL 0.1.0 10.00 75.00 85.00 NOTE
r-devel-windows-x86_64-new-TK 0.1.0 NOTE
r-devel-windows-x86_64-old 0.1.0 7.00 45.00 52.00 NOTE
r-patched-linux-x86_64 0.1.0 2.40 30.28 32.68 NOTE
r-patched-solaris-x86 0.1.0 67.30 NOTE
r-release-linux-x86_64 0.1.0 2.46 30.60 33.06 NOTE
r-release-macos-arm64 0.1.0 NOTE
r-release-macos-x86_64 0.1.0 NOTE
r-release-windows-ix86+x86_64 0.1.0 7.00 54.00 61.00 NOTE
r-oldrel-macos-x86_64 0.1.0 NOTE
r-oldrel-windows-ix86+x86_64 0.1.0 6.00 42.00 48.00 OK

Check Details

Version: 0.1.0
Check: LazyData
Result: NOTE
     'LazyData' is specified without a 'data' directory
Flavors: r-devel-linux-x86_64-debian-clang, r-devel-linux-x86_64-debian-gcc, r-devel-linux-x86_64-fedora-clang, r-devel-linux-x86_64-fedora-gcc, r-devel-windows-x86_64-new-UL, r-devel-windows-x86_64-new-TK, r-devel-windows-x86_64-old, r-patched-linux-x86_64, r-patched-solaris-x86, r-release-linux-x86_64, r-release-macos-arm64, r-release-macos-x86_64, r-release-windows-ix86+x86_64

Version: 0.1.0
Check: dependencies in R code
Result: NOTE
    Namespace in Imports field not imported from: ‘tidyverse’
     All declared Imports should be used.
Flavors: r-devel-linux-x86_64-fedora-clang, r-devel-linux-x86_64-fedora-gcc, r-devel-windows-x86_64-new-TK, r-patched-solaris-x86, r-release-macos-arm64, r-release-macos-x86_64, r-oldrel-macos-x86_64