CRAN Package Check Results for Package ch

Last updated on 2024-07-24 21:50:23 CEST.

Flavor Version Tinstall Tcheck Ttotal Status Flags
r-devel-linux-x86_64-debian-clang 0.1.0.2 6.50 73.78 80.28 OK
r-devel-linux-x86_64-debian-gcc 0.1.0.2 4.49 54.08 58.57 NOTE
r-devel-linux-x86_64-fedora-clang 0.1.0.2 98.67 OK
r-devel-linux-x86_64-fedora-gcc 0.1.0.2 96.76 OK
r-devel-windows-x86_64 0.1.0.2 11.00 70.00 81.00 NOTE
r-patched-linux-x86_64 0.1.0.2 10.18 72.17 82.35 OK
r-release-linux-x86_64 0.1.0.2 5.48 71.75 77.23 OK
r-release-macos-arm64 0.1.0.2 31.00 OK
r-release-macos-x86_64 0.1.0.2 44.00 OK
r-release-windows-x86_64 0.1.0.2 7.00 71.00 78.00 OK
r-oldrel-macos-arm64 0.1.0.2 30.00 OK
r-oldrel-macos-x86_64 0.1.0.2 47.00 OK
r-oldrel-windows-x86_64 0.1.0.2 10.00 82.00 92.00 OK

Check Details

Version: 0.1.0.2
Check: Rd cross-references
Result: NOTE Found the following Rd file(s) with Rd \link{} targets missing package anchors: ggpng.Rd: ggsave Please provide package anchors for all Rd \link{} targets not in the package itself and the base packages. Flavors: r-devel-linux-x86_64-debian-gcc, r-devel-windows-x86_64