CRAN Package Check Results for Package chantrics

Last updated on 2024-03-02 19:50:13 CET.

Flavor Version Tinstall Tcheck Ttotal Status Flags
r-devel-linux-x86_64-debian-clang 1.0.0 3.68 132.33 136.01 OK
r-devel-linux-x86_64-debian-gcc 1.0.0 2.27 98.93 101.20 OK
r-devel-linux-x86_64-fedora-clang 1.0.0 168.21 NOTE
r-devel-linux-x86_64-fedora-gcc 1.0.0 194.76 NOTE
r-devel-windows-x86_64 1.0.0 4.00 117.00 121.00 OK
r-patched-linux-x86_64 1.0.0 3.67 125.66 129.33 OK
r-release-linux-x86_64 1.0.0 2.51 129.04 131.55 OK
r-release-macos-arm64 1.0.0 57.00 OK
r-release-macos-x86_64 1.0.0 99.00 OK
r-release-windows-x86_64 1.0.0 6.00 150.00 156.00 OK
r-oldrel-macos-arm64 1.0.0 45.00 NOTE
r-oldrel-windows-x86_64 1.0.0 6.00 142.00 148.00 OK

Check Details

Version: 1.0.0
Check: dependencies in R code
Result: NOTE Namespaces in Imports field not imported from: ‘AER’ ‘graphics’ ‘lmtest’ All declared Imports should be used. Flavors: r-devel-linux-x86_64-fedora-clang, r-devel-linux-x86_64-fedora-gcc, r-oldrel-macos-arm64