CRAN Package Check Results for Package checkr

Last updated on 2021-11-29 19:51:25 CET.

Flavor Version Tinstall Tcheck Ttotal Status Flags
r-devel-linux-x86_64-debian-clang 0.5.0 4.22 39.51 43.73 NOTE
r-devel-linux-x86_64-debian-gcc 0.5.0 3.10 30.35 33.45 NOTE
r-devel-linux-x86_64-fedora-clang 0.5.0 63.97 NOTE
r-devel-linux-x86_64-fedora-gcc 0.5.0 52.47 NOTE
r-devel-windows-x86_64-new-UL 0.5.0 16.00 87.00 103.00 NOTE
r-devel-windows-x86_64-new-TK 0.5.0 NOTE
r-devel-windows-x86_64-old 0.5.0 7.00 50.00 57.00 NOTE
r-patched-linux-x86_64 0.5.0 5.16 38.01 43.17 NOTE
r-patched-solaris-x86 0.5.0 71.40 NOTE
r-release-linux-x86_64 0.5.0 4.18 38.28 42.46 NOTE
r-release-macos-arm64 0.5.0 NOTE
r-release-macos-x86_64 0.5.0 NOTE
r-release-windows-ix86+x86_64 0.5.0 8.00 55.00 63.00 NOTE
r-oldrel-macos-x86_64 0.5.0 OK
r-oldrel-windows-ix86+x86_64 0.5.0 6.00 48.00 54.00 OK

Check Details

Version: 0.5.0
Check: LazyData
Result: NOTE
     'LazyData' is specified without a 'data' directory
Flavors: r-devel-linux-x86_64-debian-clang, r-devel-linux-x86_64-debian-gcc, r-devel-linux-x86_64-fedora-clang, r-devel-linux-x86_64-fedora-gcc, r-devel-windows-x86_64-new-UL, r-devel-windows-x86_64-new-TK, r-devel-windows-x86_64-old, r-patched-linux-x86_64, r-patched-solaris-x86, r-release-linux-x86_64, r-release-macos-arm64, r-release-macos-x86_64, r-release-windows-ix86+x86_64