Last updated on 2023-02-01 19:54:02 CET.
Flavor | Version | Tinstall | Tcheck | Ttotal | Status | Flags |
---|---|---|---|---|---|---|
r-devel-linux-x86_64-debian-clang | 0.2.0 | 0.57 | 2.00 | 2.57 | ERROR | |
r-devel-linux-x86_64-debian-gcc | 0.2.0 | 4.59 | 89.90 | 94.49 | OK | |
r-devel-linux-x86_64-fedora-clang | 0.2.0 | 3.59 | ERROR | |||
r-devel-linux-x86_64-fedora-gcc | 0.2.0 | 178.11 | OK | |||
r-devel-windows-x86_64 | 0.2.0 | 24.00 | 158.00 | 182.00 | OK | |
r-patched-linux-x86_64 | 0.2.0 | 6.72 | 117.78 | 124.50 | OK | |
r-release-linux-x86_64 | 0.2.0 | 4.21 | 117.91 | 122.12 | OK | |
r-release-macos-arm64 | 0.2.0 | 45.00 | OK | |||
r-release-macos-x86_64 | 0.2.0 | 65.00 | OK | |||
r-release-windows-x86_64 | 0.2.0 | 38.00 | 163.00 | 201.00 | OK | |
r-oldrel-macos-arm64 | 0.2.0 | 46.00 | OK | |||
r-oldrel-macos-x86_64 | 0.2.0 | 67.00 | OK | |||
r-oldrel-windows-ix86+x86_64 | 0.2.0 | 14.00 | 149.00 | 163.00 | OK |
Version: 0.2.0
Check: package dependencies
Result: ERROR
Packages required but not available: 'fmcsR', 'ChemmineR'
See section ‘The DESCRIPTION file’ in the ‘Writing R Extensions’
manual.
Flavor: r-devel-linux-x86_64-debian-clang
Version: 0.2.0
Check: package dependencies
Result: ERROR
Package required but not available: ‘ChemmineR’
See section ‘The DESCRIPTION file’ in the ‘Writing R Extensions’
manual.
Flavor: r-devel-linux-x86_64-fedora-clang