Last updated on 2022-06-28 21:51:17 CEST.
Flavor | Version | Tinstall | Tcheck | Ttotal | Status | Flags |
---|---|---|---|---|---|---|
r-devel-linux-x86_64-debian-clang | 0.6-14 | 6.65 | 70.52 | 77.17 | OK | |
r-devel-linux-x86_64-debian-gcc | 0.6-14 | 5.67 | 53.18 | 58.85 | OK | |
r-devel-linux-x86_64-fedora-clang | 0.6-14 | 102.72 | OK | |||
r-devel-linux-x86_64-fedora-gcc | 0.6-14 | 102.76 | OK | |||
r-devel-windows-x86_64 | 0.6-14 | 26.00 | 113.00 | 139.00 | OK | |
r-patched-linux-x86_64 | 0.6-14 | 7.01 | 68.37 | 75.38 | OK | |
r-release-linux-x86_64 | 0.6-14 | 6.06 | 67.22 | 73.28 | OK | |
r-release-macos-arm64 | 0.6-14 | 29.00 | NOTE | |||
r-release-macos-x86_64 | 0.6-14 | 45.00 | OK | |||
r-release-windows-x86_64 | 0.6-14 | 27.00 | 116.00 | 143.00 | OK | |
r-oldrel-macos-arm64 | 0.6-14 | 42.00 | OK | |||
r-oldrel-macos-x86_64 | 0.6-14 | 62.00 | OK | |||
r-oldrel-windows-ix86+x86_64 | 0.6-14 | 15.00 | 94.00 | 109.00 | OK |
Version: 0.6-14
Check: package dependencies
Result: NOTE
Package suggested but not available for checking: ‘multtest’
Flavor: r-release-macos-arm64