CRAN Package Check Results for Package chicane

Last updated on 2024-02-22 19:55:28 CET.

Flavor Version Tinstall Tcheck Ttotal Status Flags
r-devel-linux-x86_64-debian-clang 0.1.8 NOTE
r-devel-linux-x86_64-debian-gcc 0.1.8 9.30 506.49 515.79 NOTE
r-devel-linux-x86_64-fedora-clang 0.1.8 752.39 NOTE
r-devel-linux-x86_64-fedora-gcc 0.1.8 773.68 NOTE
r-devel-windows-x86_64 0.1.8 12.00 484.00 496.00 NOTE
r-patched-linux-x86_64 0.1.8 9.01 587.34 596.35 NOTE
r-release-linux-x86_64 0.1.8 11.57 582.30 593.87 NOTE
r-release-macos-arm64 0.1.8 275.00 NOTE
r-release-macos-x86_64 0.1.8 440.00 NOTE
r-release-windows-x86_64 0.1.8 16.00 643.00 659.00 NOTE
r-oldrel-macos-arm64 0.1.8 264.00 NOTE
r-oldrel-windows-x86_64 0.1.8 16.00 645.00 661.00 NOTE

Check Details

Version: 0.1.8
Check: package dependencies
Result: NOTE Package suggested but not available for checking: ‘countreg’ Flavors: r-devel-linux-x86_64-debian-clang, r-devel-linux-x86_64-debian-gcc, r-devel-linux-x86_64-fedora-clang, r-devel-linux-x86_64-fedora-gcc, r-devel-windows-x86_64, r-patched-linux-x86_64, r-release-linux-x86_64, r-release-macos-x86_64, r-release-windows-x86_64, r-oldrel-windows-x86_64

Version: 0.1.8
Check: dependencies in R code
Result: NOTE Namespaces in Imports field not imported from: 'knitr' 'rmarkdown' All declared Imports should be used. Flavors: r-devel-linux-x86_64-fedora-clang, r-devel-linux-x86_64-fedora-gcc, r-oldrel-macos-arm64

Version: 0.1.8
Check: package dependencies
Result: NOTE Packages suggested but not available for checking: 'GenomicInteractions', 'Gviz', 'countreg' Flavor: r-release-macos-arm64

Version: 0.1.8
Check: package dependencies
Result: NOTE Packages suggested but not available for checking: 'GenomicInteractions', 'GenomicRanges', 'Gviz', 'countreg' Flavor: r-oldrel-macos-arm64