CRAN Package Check Results for Package childhoodmortality

Last updated on 2021-12-01 19:51:31 CET.

Flavor Version Tinstall Tcheck Ttotal Status Flags
r-devel-linux-x86_64-debian-clang 0.3.0 2.19 28.95 31.14 NOTE
r-devel-linux-x86_64-debian-gcc 0.3.0 1.70 22.15 23.85 NOTE
r-devel-linux-x86_64-fedora-clang 0.3.0 48.02 OK
r-devel-linux-x86_64-fedora-gcc 0.3.0 37.51 OK
r-devel-windows-x86_64-new-UL 0.3.0 7.00 69.00 76.00 NOTE
r-devel-windows-x86_64-new-TK 0.3.0 OK
r-devel-windows-x86_64-old 0.3.0 4.00 36.00 40.00 NOTE
r-patched-linux-x86_64 0.3.0 2.06 26.77 28.83 NOTE
r-patched-solaris-x86 0.3.0 53.60 OK
r-release-linux-x86_64 0.3.0 2.04 26.76 28.80 NOTE
r-release-macos-arm64 0.3.0 OK
r-release-macos-x86_64 0.3.0 OK
r-release-windows-ix86+x86_64 0.3.0 6.00 37.00 43.00 NOTE
r-oldrel-macos-x86_64 0.3.0 OK
r-oldrel-windows-ix86+x86_64 0.3.0 4.00 41.00 45.00 NOTE

Check Details

Version: 0.3.0
Check: package vignettes
Result: NOTE
    Package vignette with placeholder title 'Vignette Title':
     'childhoodmortality.Rmd'
Flavors: r-devel-linux-x86_64-debian-clang, r-devel-linux-x86_64-debian-gcc, r-devel-windows-x86_64-new-UL, r-devel-windows-x86_64-old, r-patched-linux-x86_64, r-release-linux-x86_64, r-release-windows-ix86+x86_64, r-oldrel-windows-ix86+x86_64