CRAN Package Check Results for Package chinese.misc

Last updated on 2022-01-25 19:50:26 CET.

Flavor Version Tinstall Tcheck Ttotal Status Flags
r-devel-linux-x86_64-debian-clang 0.2.3 9.00 87.01 96.01 NOTE
r-devel-linux-x86_64-debian-gcc 0.2.3 9.38 77.04 86.42 NOTE
r-devel-linux-x86_64-fedora-clang 0.2.3 114.92 NOTE
r-devel-linux-x86_64-fedora-gcc 0.2.3 110.84 NOTE
r-devel-windows-x86_64-new-UL 0.2.3 130.00 115.00 245.00 NOTE
r-devel-windows-x86_64-new-TK 0.2.3 NOTE
r-patched-linux-x86_64 0.2.3 11.20 82.99 94.19 NOTE
r-release-linux-x86_64 0.2.3 9.47 84.96 94.43 NOTE
r-release-macos-arm64 0.2.3 NOTE
r-release-macos-x86_64 0.2.3 NOTE
r-release-windows-ix86+x86_64 0.2.3 23.00 110.00 133.00 NOTE
r-oldrel-macos-x86_64 0.2.3 OK
r-oldrel-windows-ix86+x86_64 0.2.3 24.00 107.00 131.00 OK

Check Details

Version: 0.2.3
Check: LazyData
Result: NOTE
     'LazyData' is specified without a 'data' directory
Flavors: r-devel-linux-x86_64-debian-clang, r-devel-linux-x86_64-debian-gcc, r-devel-linux-x86_64-fedora-clang, r-devel-linux-x86_64-fedora-gcc, r-devel-windows-x86_64-new-UL, r-devel-windows-x86_64-new-TK, r-patched-linux-x86_64, r-release-linux-x86_64, r-release-macos-arm64, r-release-macos-x86_64, r-release-windows-ix86+x86_64