Last updated on 2022-05-20 21:52:47 CEST.
Flavor | Version | Tinstall | Tcheck | Ttotal | Status | Flags |
---|---|---|---|---|---|---|
r-devel-linux-x86_64-debian-clang | 0.4.5 | 5.66 | 71.32 | 76.98 | NOTE | |
r-devel-linux-x86_64-debian-gcc | 0.4.5 | 5.09 | 54.21 | 59.30 | NOTE | |
r-devel-linux-x86_64-fedora-clang | 0.4.5 | 91.37 | NOTE | |||
r-devel-linux-x86_64-fedora-gcc | 0.4.5 | 91.07 | NOTE | |||
r-devel-windows-x86_64 | 0.4.5 | 23.00 | 91.00 | 114.00 | NOTE | |
r-patched-linux-x86_64 | 0.4.5 | 5.29 | 68.71 | 74.00 | NOTE | |
r-release-linux-x86_64 | 0.4.5 | 5.50 | 66.62 | 72.12 | NOTE | |
r-release-macos-arm64 | 0.4.5 | 27.00 | NOTE | |||
r-release-macos-x86_64 | 0.4.5 | 41.00 | NOTE | |||
r-release-windows-x86_64 | 0.4.5 | 17.00 | 101.00 | 118.00 | NOTE | |
r-oldrel-macos-arm64 | 0.4.5 | 33.00 | NOTE | |||
r-oldrel-macos-x86_64 | 0.4.5 | 48.00 | NOTE | |||
r-oldrel-windows-ix86+x86_64 | 0.4.5 | 15.00 | 81.00 | 96.00 | NOTE |
Version: 0.4.5
Check: LazyData
Result: NOTE
'LazyData' is specified without a 'data' directory
Flavors: r-devel-linux-x86_64-debian-clang, r-devel-linux-x86_64-debian-gcc, r-devel-linux-x86_64-fedora-clang, r-devel-linux-x86_64-fedora-gcc, r-devel-windows-x86_64, r-patched-linux-x86_64, r-release-linux-x86_64, r-release-macos-arm64, r-release-macos-x86_64, r-release-windows-x86_64, r-oldrel-macos-arm64, r-oldrel-macos-x86_64, r-oldrel-windows-ix86+x86_64