Last updated on 2023-01-29 19:53:59 CET.
Flavor | Version | Tinstall | Tcheck | Ttotal | Status | Flags |
---|---|---|---|---|---|---|
r-devel-linux-x86_64-debian-clang | 0.2.3 | 6.77 | 152.46 | 159.23 | OK | |
r-devel-linux-x86_64-debian-gcc | 0.2.3 | 6.18 | 115.57 | 121.75 | OK | |
r-devel-linux-x86_64-fedora-clang | 0.2.3 | 203.08 | OK | |||
r-devel-linux-x86_64-fedora-gcc | 0.2.3 | 210.91 | OK | |||
r-devel-windows-x86_64 | 0.2.3 | 31.00 | 203.00 | 234.00 | OK | |
r-patched-linux-x86_64 | 0.2.3 | 8.06 | 141.88 | 149.94 | OK | |
r-release-linux-x86_64 | 0.2.3 | 8.14 | 146.75 | 154.89 | OK | |
r-release-macos-arm64 | 0.2.3 | 6.00 | ERROR | |||
r-release-macos-x86_64 | 0.2.3 | 6.00 | ERROR | |||
r-release-windows-x86_64 | 0.2.3 | 13.00 | 182.00 | 195.00 | OK | |
r-oldrel-macos-arm64 | 0.2.3 | 10.00 | ERROR | |||
r-oldrel-macos-x86_64 | 0.2.3 | 12.00 | ERROR | |||
r-oldrel-windows-ix86+x86_64 | 0.2.3 | 22.00 | 189.00 | 211.00 | OK |
Version: 0.2.3
Check: package dependencies
Result: ERROR
Packages required but not available:
'ChIPseeker', 'TxDb.Hsapiens.UCSC.hg38.knownGene',
'TxDb.Mmusculus.UCSC.mm10.knownGene'
See section ‘The DESCRIPTION file’ in the ‘Writing R Extensions’
manual.
Flavor: r-release-macos-arm64
Version: 0.2.3
Check: package dependencies
Result: ERROR
Package required but not available: ‘TxDb.Mmusculus.UCSC.mm10.knownGene’
See section ‘The DESCRIPTION file’ in the ‘Writing R Extensions’
manual.
Flavors: r-release-macos-x86_64, r-oldrel-macos-arm64, r-oldrel-macos-x86_64