Last updated on 2023-09-26 23:04:08 CEST.
Flavor | Version | Tinstall | Tcheck | Ttotal | Status | Flags |
---|---|---|---|---|---|---|
r-devel-linux-x86_64-debian-clang | 0.2.3 | 5.99 | 153.19 | 159.18 | OK | |
r-devel-linux-x86_64-debian-gcc | 0.2.3 | 6.30 | 113.96 | 120.26 | OK | |
r-devel-linux-x86_64-fedora-clang | 0.2.3 | 195.46 | OK | |||
r-devel-linux-x86_64-fedora-gcc | 0.2.3 | 217.19 | OK | |||
r-devel-windows-x86_64 | 0.2.3 | 9.00 | 130.00 | 139.00 | OK | |
r-patched-linux-x86_64 | 0.2.3 | 6.57 | 141.47 | 148.04 | OK | |
r-release-linux-x86_64 | 0.2.3 | 5.12 | 145.92 | 151.04 | OK | |
r-release-macos-arm64 | 0.2.3 | 6.00 | ERROR | |||
r-release-macos-x86_64 | 0.2.3 | 8.00 | ERROR | |||
r-release-windows-x86_64 | 0.2.3 | 12.00 | 160.00 | 172.00 | OK | |
r-oldrel-macos-arm64 | 0.2.3 | 9.00 | ERROR | |||
r-oldrel-macos-x86_64 | 0.2.3 | 11.00 | ERROR | |||
r-oldrel-windows-x86_64 | 0.2.3 | 13.00 | 162.00 | 175.00 | OK |
Version: 0.2.3
Check: package dependencies
Result: ERROR
Packages required but not available:
'ChIPseeker', 'TxDb.Hsapiens.UCSC.hg38.knownGene'
See section ‘The DESCRIPTION file’ in the ‘Writing R Extensions’
manual.
Flavor: r-release-macos-arm64
Version: 0.2.3
Check: package dependencies
Result: ERROR
Packages required but not available:
'TxDb.Hsapiens.UCSC.hg38.knownGene',
'TxDb.Mmusculus.UCSC.mm10.knownGene'
See section ‘The DESCRIPTION file’ in the ‘Writing R Extensions’
manual.
Flavor: r-release-macos-x86_64
Version: 0.2.3
Check: package dependencies
Result: ERROR
Packages required but not available:
'ChIPseeker', 'TxDb.Hsapiens.UCSC.hg38.knownGene',
'TxDb.Mmusculus.UCSC.mm10.knownGene'
See section ‘The DESCRIPTION file’ in the ‘Writing R Extensions’
manual.
Flavor: r-oldrel-macos-arm64
Version: 0.2.3
Check: package dependencies
Result: ERROR
Package required but not available: ‘TxDb.Mmusculus.UCSC.mm10.knownGene’
See section ‘The DESCRIPTION file’ in the ‘Writing R Extensions’
manual.
Flavor: r-oldrel-macos-x86_64