CRAN Package Check Results for Package circlize

Last updated on 2021-12-01 19:51:31 CET.

Flavor Version Tinstall Tcheck Ttotal Status Flags
r-devel-linux-x86_64-debian-clang 0.4.13 13.86 131.83 145.69 OK
r-devel-linux-x86_64-debian-gcc 0.4.13 12.08 95.89 107.97 OK
r-devel-linux-x86_64-fedora-clang 0.4.13 188.25 OK
r-devel-linux-x86_64-fedora-gcc 0.4.13 173.68 OK
r-devel-windows-x86_64-new-UL 0.4.13 39.00 189.00 228.00 OK
r-devel-windows-x86_64-new-TK 0.4.13 OK
r-devel-windows-x86_64-old 0.4.13 24.00 127.00 151.00 OK
r-patched-linux-x86_64 0.4.13 16.92 125.94 142.86 OK
r-patched-solaris-x86 0.4.13 203.80 OK
r-release-linux-x86_64 0.4.13 13.66 125.46 139.12 OK
r-release-macos-arm64 0.4.13 NOTE
r-release-macos-x86_64 0.4.13 OK
r-release-windows-ix86+x86_64 0.4.13 26.00 131.00 157.00 OK
r-oldrel-macos-x86_64 0.4.13 OK
r-oldrel-windows-ix86+x86_64 0.4.13 18.00 146.00 164.00 OK

Check Details

Version: 0.4.13
Check: package dependencies
Result: NOTE
    Package suggested but not available for checking: ‘ComplexHeatmap’
Flavor: r-release-macos-arm64

Version: 0.4.13
Check: dependencies in R code
Result: NOTE
    Unavailable namespace imported from by a ':::' call: ‘ComplexHeatmap’
     See the note in ?`:::` about the use of this operator.
Flavor: r-release-macos-arm64