Last updated on 2023-02-06 19:54:17 CET.
Flavor | Version | Tinstall | Tcheck | Ttotal | Status | Flags |
---|---|---|---|---|---|---|
r-devel-linux-x86_64-debian-clang | 0.1.1 | 10.70 | 185.65 | 196.35 | OK | |
r-devel-linux-x86_64-debian-gcc | 0.1.1 | 8.57 | 131.86 | 140.43 | OK | |
r-devel-linux-x86_64-fedora-clang | 0.1.1 | 255.72 | NOTE | |||
r-devel-linux-x86_64-fedora-gcc | 0.1.1 | 241.48 | OK | |||
r-devel-windows-x86_64 | 0.1.1 | 27.00 | 293.00 | 320.00 | NOTE | |
r-patched-linux-x86_64 | 0.1.1 | 6.96 | 178.70 | 185.66 | OK | |
r-release-linux-x86_64 | 0.1.1 | 7.51 | 176.86 | 184.37 | OK | |
r-release-macos-arm64 | 0.1.1 | 163.00 | NOTE | |||
r-release-macos-x86_64 | 0.1.1 | 203.00 | NOTE | |||
r-release-windows-x86_64 | 0.1.1 | 38.00 | 304.00 | 342.00 | NOTE | |
r-oldrel-macos-arm64 | 0.1.1 | 159.00 | NOTE | |||
r-oldrel-macos-x86_64 | 0.1.1 | 181.00 | NOTE | |||
r-oldrel-windows-ix86+x86_64 | 0.1.1 | 26.00 | 321.00 | 347.00 | NOTE |
Version: 0.1.1
Check: installed package size
Result: NOTE
installed size is 7.5Mb
sub-directories of 1Mb or more:
doc 7.3Mb
Flavors: r-devel-linux-x86_64-fedora-clang, r-devel-windows-x86_64, r-release-macos-arm64, r-release-macos-x86_64, r-release-windows-x86_64, r-oldrel-macos-arm64, r-oldrel-macos-x86_64, r-oldrel-windows-ix86+x86_64