CRAN Package Check Results for Package citation

Last updated on 2021-12-06 19:50:34 CET.

Flavor Version Tinstall Tcheck Ttotal Status Flags
r-devel-linux-x86_64-debian-clang 0.4.1 2.01 32.30 34.31 NOTE
r-devel-linux-x86_64-debian-gcc 0.4.1 1.41 25.88 27.29 NOTE
r-devel-linux-x86_64-fedora-clang 0.4.1 43.72 NOTE
r-devel-linux-x86_64-fedora-gcc 0.4.1 32.31 NOTE
r-devel-windows-x86_64-new-UL 0.4.1 7.00 58.00 65.00 NOTE
r-devel-windows-x86_64-new-TK 0.4.1 NOTE
r-devel-windows-x86_64-old 0.4.1 4.00 32.00 36.00 NOTE
r-patched-linux-x86_64 0.4.1 2.39 22.96 25.35 NOTE
r-release-linux-x86_64 0.4.1 2.29 31.35 33.64 NOTE
r-release-macos-arm64 0.4.1 NOTE
r-release-macos-x86_64 0.4.1 NOTE
r-release-windows-ix86+x86_64 0.4.1 6.00 41.00 47.00 NOTE
r-oldrel-macos-x86_64 0.4.1 OK
r-oldrel-windows-ix86+x86_64 0.4.1 5.00 41.00 46.00 OK

Check Details

Version: 0.4.1
Check: LazyData
Result: NOTE
     'LazyData' is specified without a 'data' directory
Flavors: r-devel-linux-x86_64-debian-clang, r-devel-linux-x86_64-debian-gcc, r-devel-linux-x86_64-fedora-clang, r-devel-linux-x86_64-fedora-gcc, r-devel-windows-x86_64-new-UL, r-devel-windows-x86_64-new-TK, r-devel-windows-x86_64-old, r-patched-linux-x86_64, r-release-linux-x86_64, r-release-macos-arm64, r-release-macos-x86_64, r-release-windows-ix86+x86_64