Last updated on 2023-01-28 19:52:10 CET.
Flavor | Version | Tinstall | Tcheck | Ttotal | Status | Flags |
---|---|---|---|---|---|---|
r-devel-linux-x86_64-debian-clang | 2.1.0 | 18.94 | 165.94 | 184.88 | OK | |
r-devel-linux-x86_64-debian-gcc | 2.1.0 | 15.35 | 121.48 | 136.83 | OK | |
r-devel-linux-x86_64-fedora-clang | 2.1.0 | 223.93 | NOTE | |||
r-devel-linux-x86_64-fedora-gcc | 2.1.0 | 239.42 | NOTE | |||
r-devel-windows-x86_64 | 2.1.0 | 28.00 | 180.00 | 208.00 | OK | |
r-patched-linux-x86_64 | 2.1.0 | 18.59 | 152.82 | 171.41 | OK | |
r-release-linux-x86_64 | 2.1.0 | 15.70 | 156.28 | 171.98 | OK | |
r-release-macos-arm64 | 2.1.0 | 60.00 | NOTE | |||
r-release-macos-x86_64 | 2.1.0 | 121.00 | NOTE | |||
r-release-windows-x86_64 | 2.1.0 | 33.00 | 179.00 | 212.00 | OK | |
r-oldrel-macos-arm64 | 2.1.0 | 70.00 | NOTE | |||
r-oldrel-macos-x86_64 | 2.1.0 | 149.00 | NOTE | |||
r-oldrel-windows-ix86+x86_64 | 2.1.0 | 37.00 | 193.00 | 230.00 | OK |
Version: 2.1.0
Check: dependencies in R code
Result: NOTE
Namespace in Imports field not imported from: ‘shinyBS’
All declared Imports should be used.
Flavors: r-devel-linux-x86_64-fedora-clang, r-devel-linux-x86_64-fedora-gcc, r-release-macos-arm64, r-release-macos-x86_64, r-oldrel-macos-arm64, r-oldrel-macos-x86_64
Version: 2.1.0
Check: data for non-ASCII characters
Result: NOTE
Note: found 29 marked UTF-8 strings
Flavors: r-devel-linux-x86_64-fedora-clang, r-devel-linux-x86_64-fedora-gcc, r-release-macos-arm64, r-release-macos-x86_64, r-oldrel-macos-arm64, r-oldrel-macos-x86_64