CRAN Package Check Results for Package clevr

Last updated on 2021-11-28 19:48:47 CET.

Flavor Version Tinstall Tcheck Ttotal Status Flags
r-devel-linux-x86_64-debian-clang 0.1.1 NOTE
r-devel-linux-x86_64-debian-gcc 0.1.1 18.98 53.24 72.22 NOTE
r-devel-linux-x86_64-fedora-clang 0.1.1 132.57 NOTE
r-devel-linux-x86_64-fedora-gcc 0.1.1 118.85 NOTE
r-devel-windows-x86_64-new-UL 0.1.1 42.00 126.00 168.00 NOTE
r-devel-windows-x86_64-new-TK 0.1.1 NOTE
r-devel-windows-x86_64-old 0.1.1 26.00 105.00 131.00 NOTE
r-patched-linux-x86_64 0.1.1 22.29 66.28 88.57 NOTE
r-patched-solaris-x86 0.1.1 152.60 NOTE
r-release-linux-x86_64 0.1.1 24.30 65.55 89.85 NOTE
r-release-macos-arm64 0.1.1 NOTE
r-release-macos-x86_64 0.1.1 NOTE
r-release-windows-ix86+x86_64 0.1.1 65.00 100.00 165.00 NOTE
r-oldrel-macos-x86_64 0.1.1 OK
r-oldrel-windows-ix86+x86_64 0.1.1 56.00 136.00 192.00 OK

Check Details

Version: 0.1.1
Check: LazyData
Result: NOTE
     'LazyData' is specified without a 'data' directory
Flavors: r-devel-linux-x86_64-debian-clang, r-devel-linux-x86_64-debian-gcc, r-devel-linux-x86_64-fedora-clang, r-devel-linux-x86_64-fedora-gcc, r-devel-windows-x86_64-new-UL, r-devel-windows-x86_64-new-TK, r-devel-windows-x86_64-old, r-patched-linux-x86_64, r-patched-solaris-x86, r-release-linux-x86_64, r-release-macos-arm64, r-release-macos-x86_64, r-release-windows-ix86+x86_64