CRAN Package Check Results for Package clhs

Last updated on 2021-12-04 19:52:50 CET.

Flavor Version Tinstall Tcheck Ttotal Status Flags
r-devel-linux-x86_64-debian-clang 0.9.0 56.89 371.04 427.93 OK
r-devel-linux-x86_64-debian-gcc 0.9.0 46.05 276.16 322.21 OK
r-devel-linux-x86_64-fedora-clang 0.9.0 555.69 NOTE
r-devel-linux-x86_64-fedora-gcc 0.9.0 508.89 NOTE
r-devel-windows-x86_64-new-UL 0.9.0 77.00 415.00 492.00 OK
r-devel-windows-x86_64-new-TK 0.9.0 NOTE
r-devel-windows-x86_64-old 0.9.0 80.00 282.00 362.00 OK
r-patched-linux-x86_64 0.9.0 54.43 346.33 400.76 OK
r-release-linux-x86_64 0.9.0 56.08 344.11 400.19 OK
r-release-macos-arm64 0.9.0 NOTE
r-release-macos-x86_64 0.9.0 NOTE
r-release-windows-ix86+x86_64 0.9.0 142.00 584.00 726.00 OK
r-oldrel-macos-x86_64 0.9.0 NOTE
r-oldrel-windows-ix86+x86_64 0.9.0 144.00 592.00 736.00 OK

Check Details

Version: 0.9.0
Check: dependencies in R code
Result: NOTE
    Namespace in Imports field not imported from: ‘sp’
     All declared Imports should be used.
Flavors: r-devel-linux-x86_64-fedora-clang, r-devel-linux-x86_64-fedora-gcc, r-devel-windows-x86_64-new-TK, r-release-macos-arm64, r-release-macos-x86_64, r-oldrel-macos-x86_64