Last updated on 2023-01-26 19:49:23 CET.
Flavor | Version | Tinstall | Tcheck | Ttotal | Status | Flags |
---|---|---|---|---|---|---|
r-devel-linux-x86_64-debian-clang | 3.1.2 | 5.01 | 103.27 | 108.28 | NOTE | |
r-devel-linux-x86_64-debian-gcc | 3.1.2 | 4.50 | 75.32 | 79.82 | NOTE | |
r-devel-linux-x86_64-fedora-clang | 3.1.2 | 134.09 | NOTE | |||
r-devel-linux-x86_64-fedora-gcc | 3.1.2 | 136.56 | NOTE | |||
r-devel-windows-x86_64 | 3.1.2 | 21.00 | 149.00 | 170.00 | NOTE | |
r-patched-linux-x86_64 | 3.1.2 | 6.83 | 94.33 | 101.16 | OK | |
r-release-linux-x86_64 | 3.1.2 | 8.16 | 95.78 | 103.94 | OK | |
r-release-macos-arm64 | 3.1.2 | 33.00 | OK | |||
r-release-macos-x86_64 | 3.1.2 | 52.00 | OK | |||
r-release-windows-x86_64 | 3.1.2 | 28.00 | 129.00 | 157.00 | OK | |
r-oldrel-macos-arm64 | 3.1.2 | 37.00 | NOTE | |||
r-oldrel-macos-x86_64 | 3.1.2 | 65.00 | OK | |||
r-oldrel-windows-ix86+x86_64 | 3.1.2 | 13.00 | 126.00 | 139.00 | OK |
Version: 3.1.2
Check: Rd files
Result: NOTE
checkRd: (-1) diagwl.Rd:3: Escaped LaTeX specials: \&
checkRd: (-1) diagwl.Rd:5: Escaped LaTeX specials: \&
Flavors: r-devel-linux-x86_64-debian-clang, r-devel-linux-x86_64-debian-gcc, r-devel-linux-x86_64-fedora-clang, r-devel-linux-x86_64-fedora-gcc, r-devel-windows-x86_64
Version: 3.1.2
Check: package dependencies
Result: NOTE
Package suggested but not available for checking: ‘RODBC’
Flavor: r-oldrel-macos-arm64