CRAN Package Check Results for Package clinDataReview

Last updated on 2021-12-07 19:49:40 CET.

Flavor Version Tinstall Tcheck Ttotal Status Flags
r-devel-linux-x86_64-debian-clang 1.2.1 12.41 165.83 178.24 OK
r-devel-linux-x86_64-debian-gcc 1.2.1 9.54 122.95 132.49 OK
r-devel-linux-x86_64-fedora-clang 1.2.1 211.64 NOTE
r-devel-linux-x86_64-fedora-gcc 1.2.1 200.07 OK
r-devel-windows-x86_64-new-UL 1.2.1 42.00 242.00 284.00 NOTE
r-devel-windows-x86_64-new-TK 1.2.1 OK
r-devel-windows-x86_64-old 1.2.1 19.00 213.00 232.00 NOTE
r-patched-linux-x86_64 1.2.1 15.18 158.67 173.85 OK
r-release-linux-x86_64 1.2.1 12.50 158.97 171.47 OK
r-release-macos-arm64 1.2.1 NOTE
r-release-macos-x86_64 1.2.1 WARN
r-release-windows-ix86+x86_64 1.2.1 22.00 182.00 204.00 NOTE
r-oldrel-macos-x86_64 1.2.1 WARN
r-oldrel-windows-ix86+x86_64 1.2.1 27.00 218.00 245.00 NOTE

Check Details

Version: 1.2.1
Check: installed package size
Result: NOTE
     installed size is 7.2Mb
     sub-directories of 1Mb or more:
     doc 5.4Mb
Flavors: r-devel-linux-x86_64-fedora-clang, r-devel-windows-x86_64-new-UL, r-devel-windows-x86_64-old, r-release-macos-arm64, r-release-macos-x86_64, r-release-windows-ix86+x86_64, r-oldrel-macos-x86_64, r-oldrel-windows-ix86+x86_64

Version: 1.2.1
Check: re-building of vignette outputs
Result: WARN
    Error(s) in re-building vignettes:
    --- re-building ‘clinDataReview-dataPreprocessing.Rmd’ using rmarkdown
    Pandoc is required to build R Markdown vignettes but not available. Please make sure it is installed.
    Data annotated with variable(s): ETHNIC ('ETHNIC'), ARM ('ARM') from the 'custom' dataset based on the variable(s): USUBJID ('USUBJID').
    354 records with ARM ('ARM') %in% 'Placebo' are filtered in data.
    --- finished re-building ‘clinDataReview-dataPreprocessing.Rmd’
    
    --- re-building ‘clinDataReview-dataVisualization.Rmd’ using rmarkdown
    Pandoc is required to build R Markdown vignettes but not available. Please make sure it is installed.
    Loading required package: ggplot2
    
    Attaching package: 'plotly'
    
    The following object is masked from 'package:ggplot2':
    
     last_plot
    
    The following object is masked from 'package:stats':
    
     filter
    
    The following object is masked from 'package:graphics':
    
     layout
    
    Quitting from lines 95-117 (clinDataReview-dataVisualization.Rmd)
    Error: processing vignette 'clinDataReview-dataVisualization.Rmd' failed with diagnostics:
    object 'params' not found
    --- failed re-building ‘clinDataReview-dataVisualization.Rmd’
    
    --- re-building ‘clinDataReview-reporting.Rmd’ using rmarkdown
    Pandoc is required to build R Markdown vignettes but not available. Please make sure it is installed.
    --- finished re-building ‘clinDataReview-reporting.Rmd’
    
    SUMMARY: processing the following file failed:
     ‘clinDataReview-dataVisualization.Rmd’
    
    Error: Vignette re-building failed.
    Execution halted
Flavors: r-release-macos-x86_64, r-oldrel-macos-x86_64