CRAN Package Check Results for Package clinspacy

Last updated on 2024-06-23 21:48:56 CEST.

Flavor Version Tinstall Tcheck Ttotal Status Flags
r-devel-linux-x86_64-debian-clang 1.0.2 2.00 33.44 35.44 NOTE
r-devel-linux-x86_64-debian-gcc 1.0.2 2.49 24.79 27.28 NOTE
r-devel-linux-x86_64-fedora-clang 1.0.2 46.22 NOTE
r-devel-linux-x86_64-fedora-gcc 1.0.2 44.28 NOTE
r-devel-windows-x86_64 1.0.2 3.00 45.00 48.00 NOTE
r-patched-linux-x86_64 1.0.2 3.13 31.24 34.37 NOTE
r-release-linux-x86_64 1.0.2 2.94 32.23 35.17 NOTE
r-release-macos-arm64 1.0.2 19.00 NOTE
r-release-macos-x86_64 1.0.2 25.00 NOTE
r-release-windows-x86_64 1.0.2 3.00 47.00 50.00 NOTE
r-oldrel-macos-arm64 1.0.2 19.00 NOTE
r-oldrel-macos-x86_64 1.0.2 25.00 NOTE
r-oldrel-windows-x86_64 1.0.2 4.00 50.00 54.00 NOTE

Check Details

Version: 1.0.2
Check: LazyData
Result: NOTE 'LazyData' is specified without a 'data' directory Flavors: r-devel-linux-x86_64-debian-clang, r-devel-linux-x86_64-debian-gcc, r-devel-linux-x86_64-fedora-clang, r-devel-linux-x86_64-fedora-gcc, r-devel-windows-x86_64, r-patched-linux-x86_64, r-release-linux-x86_64, r-release-macos-arm64, r-release-macos-x86_64, r-release-windows-x86_64, r-oldrel-macos-arm64, r-oldrel-macos-x86_64, r-oldrel-windows-x86_64