CRAN Package Check Results for Package clue

Last updated on 2022-01-25 19:50:26 CET.

Flavor Version Tinstall Tcheck Ttotal Status Flags
r-devel-linux-x86_64-debian-clang 0.3-60 10.35 86.08 96.43 OK
r-devel-linux-x86_64-debian-gcc 0.3-60 8.60 70.15 78.75 OK
r-devel-linux-x86_64-fedora-clang 0.3-60 119.27 NOTE
r-devel-linux-x86_64-fedora-gcc 0.3-60 107.42 OK
r-devel-windows-x86_64-new-UL 0.3-60 201.00 143.00 344.00 OK
r-devel-windows-x86_64-new-TK 0.3-60 OK
r-patched-linux-x86_64 0.3-60 10.37 81.56 91.93 OK
r-release-linux-x86_64 0.3-60 9.84 82.58 92.42 OK
r-release-macos-arm64 0.3-60 OK
r-release-macos-x86_64 0.3-60 OK
r-release-windows-ix86+x86_64 0.3-60 21.00 121.00 142.00 OK
r-oldrel-macos-x86_64 0.3-60 OK
r-oldrel-windows-ix86+x86_64 0.3-60 23.00 123.00 146.00 OK

Check Details

Version: 0.3-60
Check: Rd cross-references
Result: NOTE
    Undeclared packages ‘mlbench’, ‘fpc’ in Rd xrefs
Flavor: r-devel-linux-x86_64-fedora-clang