CRAN Package Check Results for Package clusterSim

Last updated on 2024-04-20 21:55:58 CEST.

Flavor Version Tinstall Tcheck Ttotal Status Flags
r-devel-linux-x86_64-debian-clang 0.51-3 16.92 100.39 117.31 NOTE
r-devel-linux-x86_64-debian-gcc 0.51-3 12.13 70.41 82.54 NOTE
r-devel-linux-x86_64-fedora-clang 0.51-3 147.67 NOTE
r-devel-linux-x86_64-fedora-gcc 0.51-3 145.34 NOTE
r-prerel-macos-arm64 0.51-3 40.00 NOTE
r-prerel-windows-x86_64 0.51-3 14.00 96.00 110.00 NOTE
r-patched-linux-x86_64 0.51-3 12.60 94.34 106.94 NOTE
r-release-linux-x86_64 0.51-3 15.72 93.89 109.61 OK
r-release-macos-arm64 0.51-3 42.00 OK
r-release-macos-x86_64 0.51-3 92.00 OK
r-release-windows-x86_64 0.51-3 16.00 112.00 128.00 OK
r-oldrel-macos-arm64 0.51-3 43.00 OK
r-oldrel-windows-x86_64 0.51-3 17.00 117.00 134.00 OK

Check Details

Version: 0.51-3
Check: Rd files
Result: NOTE checkRd: (-1) cluster.Gen.rd:82: Lost braces 82 | Steinley, D., Henson, R. (2005), \emph{OCLUS: an analytic method for generating clusters with known overlap}, "Journal of Classification", vol. 22, 221-250. Available at: \\doi{10.1007/s00357-005-0015-6}. | ^ checkRd: (-1) index.DB.rd:23: Lost braces; missing escapes or markup? 23 | \item{R}{R matrix $(S_r+S_s)/d_{rs}$} | ^ checkRd: (-1) index.GAP.rd:12: Lost braces; missing escapes or markup? 12 | "pc" - generate the reference variables from a uniform distribution over a box aligned with the principal components of the data. In detail, if $X=\{x_{ij}\}$ is our n x m data matrix, assume that the columns have mean 0 and compute the singular value decomposition $X=UDV^T$. We transform via $X'=XV$ and then draw uniform features Z' over the ranges of the columns of X' , as in method a) above. Finally we back-transform via $Z=Z'V^T$ to give reference data Z | ^ checkRd: (-1) pattern.GDM1.rd:77: Lost braces 77 | Jajuga, K., Walesiak, M., Bak, A. (2003), \emph{On the general distance measure}, In: M. Schwaiger, O. Opitz (Eds.), Exploratory data analysis in empirical research, Springer-Verlag, Berlin, Heidelberg, 104-109. Available at: doi{10.1007/978-3-642-55721-7_12}. | ^ Flavors: r-devel-linux-x86_64-debian-clang, r-devel-linux-x86_64-debian-gcc, r-devel-linux-x86_64-fedora-clang, r-devel-linux-x86_64-fedora-gcc, r-prerel-macos-arm64, r-prerel-windows-x86_64, r-patched-linux-x86_64