Last updated on 2023-02-04 19:58:04 CET.
Flavor | Version | Tinstall | Tcheck | Ttotal | Status | Flags |
---|---|---|---|---|---|---|
r-devel-linux-x86_64-debian-clang | 1.1.0 | 71.33 | 554.57 | 625.90 | NOTE | |
r-devel-linux-x86_64-debian-gcc | 1.1.0 | 50.39 | 419.61 | 470.00 | NOTE | |
r-devel-linux-x86_64-fedora-clang | 1.1.0 | 803.02 | NOTE | |||
r-devel-linux-x86_64-fedora-gcc | 1.1.0 | 808.46 | NOTE | |||
r-devel-windows-x86_64 | 1.1.0 | 74.00 | 575.00 | 649.00 | NOTE | |
r-patched-linux-x86_64 | 1.1.0 | 41.60 | 539.58 | 581.18 | NOTE | |
r-release-linux-x86_64 | 1.1.0 | 49.93 | 545.20 | 595.13 | NOTE | |
r-release-macos-arm64 | 1.1.0 | 215.00 | NOTE | |||
r-release-macos-x86_64 | 1.1.0 | 426.00 | NOTE | |||
r-release-windows-x86_64 | 1.1.0 | 68.00 | 592.00 | 660.00 | NOTE | |
r-oldrel-macos-arm64 | 1.1.0 | 384.00 | NOTE | |||
r-oldrel-macos-x86_64 | 1.1.0 | 538.00 | NOTE | |||
r-oldrel-windows-ix86+x86_64 | 1.1.0 | 131.00 | 584.00 | 715.00 | NOTE |
Version: 1.1.0
Check: LazyData
Result: NOTE
'LazyData' is specified without a 'data' directory
Flavors: r-devel-linux-x86_64-debian-clang, r-devel-linux-x86_64-debian-gcc, r-devel-linux-x86_64-fedora-clang, r-devel-linux-x86_64-fedora-gcc, r-devel-windows-x86_64, r-patched-linux-x86_64, r-release-linux-x86_64, r-release-macos-arm64, r-release-macos-x86_64, r-release-windows-x86_64, r-oldrel-macos-arm64, r-oldrel-macos-x86_64, r-oldrel-windows-ix86+x86_64