Last updated on 2023-06-07 22:02:39 CEST.
Flavor | Version | Tinstall | Tcheck | Ttotal | Status | Flags |
---|---|---|---|---|---|---|
r-devel-linux-x86_64-debian-clang | 0.8.95.5 | 38.73 | 64.77 | 103.50 | OK | |
r-devel-linux-x86_64-debian-gcc | 0.8.95.5 | 33.78 | 49.84 | 83.62 | OK | |
r-devel-linux-x86_64-fedora-clang | 0.8.95.5 | 149.68 | NOTE | |||
r-devel-linux-x86_64-fedora-gcc | 0.8.95.5 | 158.45 | NOTE | |||
r-devel-windows-x86_64 | 0.8.95.5 | 35.00 | 99.00 | 134.00 | OK | |
r-patched-linux-x86_64 | 0.8.95.5 | 38.10 | 61.24 | 99.34 | OK | |
r-release-linux-x86_64 | 0.8.95.5 | 35.51 | 61.79 | 97.30 | OK | |
r-release-macos-arm64 | 0.8.95.5 | 66.00 | NOTE | |||
r-release-macos-x86_64 | 0.8.95.5 | 90.00 | NOTE | |||
r-release-windows-x86_64 | 0.8.95.5 | 46.00 | 110.00 | 156.00 | OK | |
r-oldrel-macos-arm64 | 0.8.95.5 | 50.00 | NOTE | |||
r-oldrel-macos-x86_64 | 0.8.95.5 | 79.00 | NOTE | |||
r-oldrel-windows-x86_64 | 0.8.95.5 | 43.00 | 103.00 | 146.00 | OK |
Version: 0.8.95.5
Check: dependencies in R code
Result: NOTE
Namespaces in Imports field not imported from:
‘R6’ ‘methods’
All declared Imports should be used.
Flavors: r-devel-linux-x86_64-fedora-clang, r-devel-linux-x86_64-fedora-gcc
Version: 0.8.95.5
Check: installed package size
Result: NOTE
installed size is 17.0Mb
sub-directories of 1Mb or more:
libs 16.1Mb
Flavors: r-release-macos-arm64, r-release-macos-x86_64, r-oldrel-macos-arm64, r-oldrel-macos-x86_64